{"id":1421,"date":"2014-07-20T19:48:31","date_gmt":"2014-07-20T17:48:31","guid":{"rendered":"https:\/\/www.assobayen.net\/Wordpress\/?page_id=1421"},"modified":"2024-02-19T15:16:45","modified_gmt":"2024-02-19T14:16:45","slug":"news-enfant-2014","status":"publish","type":"page","link":"https:\/\/www.assobayen.net\/Wordpress\/camps-2014\/news-enfant-2014\/","title":{"rendered":"News Enfants 2014"},"content":{"rendered":"<p><strong>111Mercredi 6 ao\u00fbt<\/strong><\/p>\n<p>Bonsoir,<br \/>\nAujourd\u2019hui, direction Ayzac-Ost et le Parc Animalier des Pyr\u00e9n\u00e9es, pour voir de tout pr\u00e8s tous ces animaux de nos montagnes : isard, ours, marmotte, bouquetin, bien s\u00fbr, mais aussi lynx, mouflon, loup, loutre, vautour, gypa\u00e8te barbu\u2026 Plus d\u2019autres plus exotiques, venus d\u2019Am\u00e9rique du Sud ou de Mongolie\u2026<br \/>\nSans oublier les explications sur les traces des animaux, et les moulages d\u2019empreintes dans l\u2019argile \u00e0 ramener pour orner le salon des parents\u2026<br \/>\n\u00c7a y est, le camp touche \u00e0 sa fin.<br \/>\nCe soir, ce sera la traditionnelle boum, pr\u00e9c\u00e9d\u00e9e d\u2019un buffet surprise (pour les enfants). Sylviane et Olivier, pour un soir, ont oubli\u00e9 la di\u00e9t\u00e9tique, les l\u00e9gumes verts et les repas \u00e9quilibr\u00e9s.<br \/>\nAp\u00e9ro, nuggets de poulet, hamburger, frites et glace au menu\u2026<br \/>\nEn ce moment, s\u00e9quence maquillage pour les filles et gel capillaire pour les gar\u00e7ons, pour \u00eatre fin pr\u00eats pour la soir\u00e9e magique\u2026<br \/>\nDemain matin, ce sera moins paillettes : il faudra tout nettoyer pour laisser une Grange impeccable aux Ados, qui nous succ\u00e8dent.<br \/>\nEt puis viendra le retour en train, les au-revoir \u00e9mus aux copains, et la joie malgr\u00e9 tout de retrouver les parents pour leur raconter Bayen, les yeux pleins d\u2019\u00e9toiles, en songeant d\u00e9j\u00e0 \u00e0 l\u2019ann\u00e9e prochaine\u2026<br \/>\nA demain sur le quai\u2026<\/p>\n<p><strong>Mardi 5 ao\u00fbt<\/strong><\/p>\n<p>Aujourd\u2019hui la m\u00e9t\u00e9o avait enfin d\u00e9cid\u00e9 de nous laisser voir le soleil, mais dans la vall\u00e9e seulement. Les cr\u00eates restant dans les nuages, d\u00e9cision a \u00e9t\u00e9 prise de ne pas aller en bivouac au Cirque de Troumouse, car la nuit aurait \u00e9t\u00e9 trop fra\u00eeche, voire humide.<br \/>\nLes enfants se sont donc r\u00e9veill\u00e9s \u00e0 7h30, pour pr\u00e9parer une journ\u00e9e pour le moins sportive.<br \/>\nA 10h, les parcours d\u2019accrobranche nous attendaient.<br \/>\nChaque enfant a pu choisir celui qui lui convenait. Mais certains ont d\u00fb se d\u00e9passer pour effacer leur appr\u00e9hension initiale. Celle-ci vaincue, les \u00e9clats de rire et les cris de joie se sont succ\u00e9d\u00e9s\u2026<br \/>\nApr\u00e8s un repas r\u00e9parateur sur le site, d\u00e9part pour la Piscine de Luz, pour profiter des quelques rayons de soleil du s\u00e9jour.<br \/>\nPlongeons, \u00e9claboussures, bombes humaines, immersion d\u2019animateurs et jeter d\u2019enfants au programme. Aucune noyade \u00e0 d\u00e9plorer malgr\u00e9 tout\u2026<br \/>\nCe soir, apr\u00e8s le repas, nous ne nous laisserons pas d\u00e9courager par le fait de dormir \u00e0 la Grange plut\u00f4t que dans la montagne : soir\u00e9e Loup-Garou et Chamallows grill\u00e9s.<br \/>\nEt demain, comme la m\u00e9t\u00e9o est mi-ch\u00e8vre mi-chou, nous irons au Parc Animalier des Pyr\u00e9n\u00e9es (anciennement Colline aux Marmottes), voir des isards, des ours, des loups et gaver les marmottes de succulentes carottes.<br \/>\nA demain pour l\u2019ultime message : et oui, les vacances des parents se terminent aussi jeudi, avec le retour de leur ch\u00e8re prog\u00e9niture\u2026<\/p>\n<p><strong>Lundi 4 ao\u00fbt<\/strong><\/p>\n<p>Sit\u00f4t le petit d\u00e9jeuner englouti, tout le monde s\u2019est mis \u00e0 travailler d\u2019arrache-pied les sketches et les contes, de fa\u00e7on \u00e0 \u00eatre fin pr\u00eats pour le spectacle. Puis ce fut l\u2019essayage des costumes de sc\u00e8ne, et les derniers r\u00e9glages.<br \/>\nApr\u00e8s le repas (et la vaisselle), direction Sazos pour le Grand Jeu de Piste, o\u00f9 il fallait retrouver des \u00e9nigmes cach\u00e9es dans le village, avec des indications aussi subtiles que \u00ab Levant et Ponant, Septentrion et Midi \u00bb. Auriez-vous devin\u00e9 qu\u2019il fallait se diriger vers la Table d\u2019Orientation ?<br \/>\nApr\u00e8s la remise des prix, les \u00e9quipes de p\u00e2tissiers qui n\u2019avait pas encore \u0153uvr\u00e9 se sont mises \u00e0 la t\u00e2che, d\u2019autant qu\u2019il y avait ce soir deux anniversaires \u00e0 f\u00eater. Autant dire qu\u2019il y avait de la pression, et qu\u2019il n\u2019\u00e9tait pas question de rater les g\u00e2teaux.<br \/>\nLucile, qui fut Directrice du Camp Enfant, est en vacances \u00e0 Sassis, juste \u00e0 c\u00f4t\u00e9, et vient partager la vie du camp, avec son mari, Olivier, mais surtout Victor, son petit gar\u00e7on de dix-huit mois. C\u2019est donc lui la mascotte de la colo, tout un chacun jouant avec lui. Grand amateur de g\u00e2teaux, il a assist\u00e9 le jury dans sa lourde t\u00e2che, lors du dessert.<br \/>\nCe soir, ce ne sera pas une veill\u00e9e ordinaire, mais la repr\u00e9sentation film\u00e9e. Certains artistes font moins les fiers, et le trac commence \u00e0 monter\u2026<br \/>\nDemain, nous allons \u00e0 l\u2019accrobranche le matin, et nous esp\u00e9rons que la m\u00e9t\u00e9o nous permettra de partir pour le bivouac au Cirque de Troumouse (pr\u00e8s de l\u2019Auberge du Maillet). Mais il faut \u00eatre s\u00fbr qu\u2019il n\u2019y a pas d\u2019orage annonc\u00e9 et que la temp\u00e9rature sera cl\u00e9mente : la semaine derni\u00e8re, les Pr\u00e9-Ados qui \u00e9taient partis au Pic du Midi ont eu tr\u00e8s froid, avec des temp\u00e9ratures proches de z\u00e9ro.<br \/>\nBien entendu, nos reporters sont sur place et vous tiendront inform\u00e9s de la suite des \u00e9v\u00e9nements, mais peut-\u00eatre pas depuis le bivouac, car le r\u00e9seau n\u2019est pas garanti\u2026<br \/>\nA tr\u00e8s bient\u00f4t\u2026<\/p>\n<p><strong>&gt;Dimanche 3 ao\u00fbt<\/strong><\/p>\n<p>Ce matin, r\u00e9veil \u00e9chelonn\u00e9, en raison d\u2019une soir\u00e9e plac\u00e9e sous le r\u00e9gime du Loup-Garou et de la d\u00e9gustation des g\u00e2teaux fabriqu\u00e9s par deux \u00e9quipes de p\u00e2tissiers en herbe (la suite demain soir).<br \/>\nLe temps \u00e9tant incertain, nous avons boulevers\u00e9 notre calendrier pr\u00e9visionnel et d\u00e9plac\u00e9 le bivouac \u00e0 mardi soir.<br \/>\nLes enfants sont donc partis ce matin \u00e0 Luz Saint Sauveur pour faire leurs achats : rassurez-vous, ils ne vous ont pas compl\u00e8tement oubli\u00e9, et de nombreux cadeaux vous attendent\u2026<br \/>\nPuis retour \u00e0 la Grange pour le repas, avant une mise au point des \u00ab sc\u00e9nettes \u00bb, dont certaines laissent augurer des moments de franche rigolade.<br \/>\nLe temps restant tr\u00e8s couvert mais sans pluie, tous sont partis vers la Ferme des Cascades pour voir les ch\u00e8vres et leur traite.<br \/>\nApr\u00e8s une douche et un repas bien m\u00e9rit\u00e9, place \u00e0 la veill\u00e9e avec une soir\u00e9e Times Up sur les animaux et un Quizz sur leur cris (par exemple, que fait l\u2019alouette ? Elle grisolle).<br \/>\nA demain\u2026<\/p>\n<p>PS : Nelson souhaite un tr\u00e8s bon anniversaire \u00e0 son Papa&#8230;<\/p>\n<p><strong>Samedi 2 ao\u00fbt<\/strong><\/p>\n<p>Bonsoir,<br \/>\nCe matin, r\u00e9veil \u00e9chelonn\u00e9, apr\u00e8s une soir\u00e9e Loup-Garou d\u2019anthologie, qui avait fatigu\u00e9 les organismes.<br \/>\nEnsuite, nous avons travaill\u00e9 sur les petits sketches avec les enfants, o\u00f9 nous sommes all\u00e9s de surprise en surprise : des tr\u00e9sors de talent de com\u00e9dien et d\u2019imitateur sont apparus au grand jour.<br \/>\nApr\u00e8s le repas pris \u00e0 la Grange, d\u00e9part pour les Grottes de B\u00e9tharram, o\u00f9 tout le monde en a pris plein les yeux. P\u00e9riple \u00e0 pied, en bateau, en train, puis collation sur place\u2026<br \/>\nLe retour dans le bus fut l\u2019occasion pour certains de faire une sieste r\u00e9paratrice.<br \/>\nLa troupe a parfait son entra\u00eenement \u00e0 la com\u00e9die en pi\u00e9geant Sylviane et Olivier : panne d\u2019\u00e9lectricit\u00e9, rien vu, trop d\u00e9go\u00fbt\u00e9s, y\u2019en a marre\u2026 Force est de reconna\u00eetre que le pi\u00e8ge a admirablement fonctionn\u00e9\u2026<br \/>\nLe concours de g\u00e2teaux d\u00e9bute en ce moment m\u00eame.<br \/>\nNous penserons \u00e0 vous en les d\u00e9gustant, lors de notre veill\u00e9e jeux, avant un repos bien m\u00e9rit\u00e9.<br \/>\nA demain.<\/p>\n<p><strong>Vendredi 1er ao\u00fbt<\/strong><\/p>\n<p>Bonsoir \u00e0 tous, quelques nouvelles du camp des enfants en ce vendredi.<br \/>\nApr\u00e8s une soir\u00e9e de jeux, les enfants ont eu un r\u00e9veil \u00e9chelonn\u00e9 ce matin.<br \/>\nApr\u00e8s une pr\u00e9sentation du sac et des accessoires n\u00e9cessaires \u00e0 une balade en montagne, nous sommes partis sur le chemin de l&rsquo;Agnou\u00e8de pour la croix de Sia. Le soleil \u00e9tait au rendez-vous pour la matin\u00e9e.<br \/>\nQuelques litres de sang plus tard, de jambes tordues, de dos tortur\u00e9s, de c\u0153ur explosant en pleine poitrine, et de fringale digne d\u2019un coureur du Tour de France nous arriv\u00e2mes \u00e0 la fameuse Croix.<br \/>\nLe temps de profiter d&rsquo;une vue splendide sur la vall\u00e9e, en quelques instants, l\u2019orage s&rsquo;est mis \u00e0 gronder.<br \/>\nRepli en voiture sur Sazos avant l\u2019orage&#8230;<br \/>\nLe repas concoct\u00e9 par Sylviane et Olivier englouti , une petite sieste s\u2019est impos\u00e9e.<br \/>\nApr\u00e8s la pr\u00e9paration des \u00e9quipes pour le concours de g\u00e2teaux et les petites sc\u00e9nettes, des douches bien m\u00e9rit\u00e9es, et le repas du soir pizzaiolesque est l\u00e0.<br \/>\nSoir\u00e9e loup garou en vue ouh\u2026\u2026\u2026\u2026\u2026\u2026\u2026\u2026\u2026\u2026\u2026\u2026\u2026\u2026\u2026\u2026..<\/p>\n<p><strong>Jeudi 31 juillet<\/strong><\/p>\n<p>Bonsoir \u00e0 tous,<br \/>\nTout le monde est bien arriv\u00e9 \u00e0 la Grange, malgr\u00e9 une petite demi-heure de retard du train, et chacun a proc\u00e9d\u00e9 \u00e0 son installation et choisi son lit.<br \/>\nApr\u00e8s un bon go\u00fbter et l\u2019explication des r\u00e8gles qui vont r\u00e9gir la vie commune durant tout le camp, les enfants sont partis d\u00e9couvrir le village de Sazos, sa fontaine au b\u00e9lier, son \u00e9glise typique des Pyr\u00e9n\u00e9es, son lavoir et ses moulins\u2026<br \/>\nApr\u00e8s le repas, qui devrait \u00eatre joyeux et anim\u00e9, une fois la vaisselle et le nettoyage exp\u00e9di\u00e9s, ce sera la premi\u00e8re veill\u00e9e, avec des petits jeux pour se d\u00e9couvrir et m\u00e9moriser les pr\u00e9noms.<br \/>\nDemain, la m\u00e9t\u00e9o n\u2019est franchement pas engageante : orages, avec possibilit\u00e9 de gr\u00eale et vents forts sur les sommets.<br \/>\nPar cons\u00e9quent, la premi\u00e8re balade, qui devait nous emmener au Col de Riou, sera sans doute moins ambitieuse : nous resterons pas trop loin de la Grange, pour pouvoir faire un mouvement offensif de repli strat\u00e9gique si besoin est\u2026<br \/>\nEt nous en profiterons pour commencer \u00e0 travailler sur les contes, sketches et improvisations du spectacle de fin de camp.<br \/>\nPortez-vous bien, et ne nous jalousez pas trop\u2026<br \/>\nA demain.<\/p>\n","protected":false},"excerpt":{"rendered":"<p>111Mercredi 6 ao\u00fbt Bonsoir, Aujourd\u2019hui, direction Ayzac-Ost et le Parc Animalier des Pyr\u00e9n\u00e9es, pour voir de tout pr\u00e8s tous ces animaux de nos montagnes : isard, ours, marmotte, bouquetin, bien s\u00fbr, mais aussi lynx, mouflon, loup, loutre, vautour, gypa\u00e8te barbu\u2026 Plus d\u2019autres plus exotiques, venus d\u2019Am\u00e9rique du Sud ou de Mongolie\u2026 Sans oublier les explications [&hellip;]<\/p>\n","protected":false},"author":22,"featured_media":0,"parent":1407,"menu_order":1,"comment_status":"closed","ping_status":"open","template":"","meta":{"footnotes":""},"class_list":["post-1421","page","type-page","status-publish","hentry"],"_links":{"self":[{"href":"https:\/\/www.assobayen.net\/Wordpress\/wp-json\/wp\/v2\/pages\/1421","targetHints":{"allow":["GET"]}}],"collection":[{"href":"https:\/\/www.assobayen.net\/Wordpress\/wp-json\/wp\/v2\/pages"}],"about":[{"href":"https:\/\/www.assobayen.net\/Wordpress\/wp-json\/wp\/v2\/types\/page"}],"author":[{"embeddable":true,"href":"https:\/\/www.assobayen.net\/Wordpress\/wp-json\/wp\/v2\/users\/22"}],"replies":[{"embeddable":true,"href":"https:\/\/www.assobayen.net\/Wordpress\/wp-json\/wp\/v2\/comments?post=1421"}],"version-history":[{"count":18,"href":"https:\/\/www.assobayen.net\/Wordpress\/wp-json\/wp\/v2\/pages\/1421\/revisions"}],"predecessor-version":[{"id":2352,"href":"https:\/\/www.assobayen.net\/Wordpress\/wp-json\/wp\/v2\/pages\/1421\/revisions\/2352"}],"up":[{"embeddable":true,"href":"https:\/\/www.assobayen.net\/Wordpress\/wp-json\/wp\/v2\/pages\/1407"}],"wp:attachment":[{"href":"https:\/\/www.assobayen.net\/Wordpress\/wp-json\/wp\/v2\/media?parent=1421"}],"curies":[{"name":"wp","href":"https:\/\/api.w.org\/{rel}","templated":true}]}}

<p><strong>111Mercredi 6 août</strong></p>
<p>Bonsoir,<br />
Aujourd’hui, direction Ayzac-Ost et le Parc Animalier des Pyrénées, pour voir de tout près tous ces animaux de nos montagnes : isard, ours, marmotte, bouquetin, bien sûr, mais aussi lynx, mouflon, loup, loutre, vautour, gypaète barbu… Plus d’autres plus exotiques, venus d’Amérique du Sud ou de Mongolie…<br />
Sans oublier les explications sur les traces des animaux, et les moulages d’empreintes dans l’argile à ramener pour orner le salon des parents…<br />
Ça y est, le camp touche à sa fin.<br />
Ce soir, ce sera la traditionnelle boum, précédée d’un buffet surprise (pour les enfants). Sylviane et Olivier, pour un soir, ont oublié la diététique, les légumes verts et les repas équilibrés.<br />
Apéro, nuggets de poulet, hamburger, frites et glace au menu…<br />
En ce moment, séquence maquillage pour les filles et gel capillaire pour les garçons, pour être fin prêts pour la soirée magique…<br />
Demain matin, ce sera moins paillettes : il faudra tout nettoyer pour laisser une Grange impeccable aux Ados, qui nous succèdent.<br />
Et puis viendra le retour en train, les au-revoir émus aux copains, et la joie malgré tout de retrouver les parents pour leur raconter Bayen, les yeux pleins d’étoiles, en songeant déjà à l’année prochaine…<br />
A demain sur le quai…</p>
<p><strong>Mardi 5 août</strong></p>
<p>Aujourd’hui la météo avait enfin décidé de nous laisser voir le soleil, mais dans la vallée seulement. Les crêtes restant dans les nuages, décision a été prise de ne pas aller en bivouac au Cirque de Troumouse, car la nuit aurait été trop fraîche, voire humide.<br />
Les enfants se sont donc réveillés à 7h30, pour préparer une journée pour le moins sportive.<br />
A 10h, les parcours d’accrobranche nous attendaient.<br />
Chaque enfant a pu choisir celui qui lui convenait. Mais certains ont dû se dépasser pour effacer leur appréhension initiale. Celle-ci vaincue, les éclats de rire et les cris de joie se sont succédés…<br />
Après un repas réparateur sur le site, départ pour la Piscine de Luz, pour profiter des quelques rayons de soleil du séjour.<br />
Plongeons, éclaboussures, bombes humaines, immersion d’animateurs et jeter d’enfants au programme. Aucune noyade à déplorer malgré tout…<br />
Ce soir, après le repas, nous ne nous laisserons pas décourager par le fait de dormir à la Grange plutôt que dans la montagne : soirée Loup-Garou et Chamallows grillés.<br />
Et demain, comme la météo est mi-chèvre mi-chou, nous irons au Parc Animalier des Pyrénées (anciennement Colline aux Marmottes), voir des isards, des ours, des loups et gaver les marmottes de succulentes carottes.<br />
A demain pour l’ultime message : et oui, les vacances des parents se terminent aussi jeudi, avec le retour de leur chère progéniture…</p>
<p><strong>Lundi 4 août</strong></p>
<p>Sitôt le petit déjeuner englouti, tout le monde s’est mis à travailler d’arrache-pied les sketches et les contes, de façon à être fin prêts pour le spectacle. Puis ce fut l’essayage des costumes de scène, et les derniers réglages.<br />
Après le repas (et la vaisselle), direction Sazos pour le Grand Jeu de Piste, où il fallait retrouver des énigmes cachées dans le village, avec des indications aussi subtiles que « Levant et Ponant, Septentrion et Midi ». Auriez-vous deviné qu’il fallait se diriger vers la Table d’Orientation ?<br />
Après la remise des prix, les équipes de pâtissiers qui n’avait pas encore œuvré se sont mises à la tâche, d’autant qu’il y avait ce soir deux anniversaires à fêter. Autant dire qu’il y avait de la pression, et qu’il n’était pas question de rater les gâteaux.<br />
Lucile, qui fut Directrice du Camp Enfant, est en vacances à Sassis, juste à côté, et vient partager la vie du camp, avec son mari, Olivier, mais surtout Victor, son petit garçon de dix-huit mois. C’est donc lui la mascotte de la colo, tout un chacun jouant avec lui. Grand amateur de gâteaux, il a assisté le jury dans sa lourde tâche, lors du dessert.<br />
Ce soir, ce ne sera pas une veillée ordinaire, mais la représentation filmée. Certains artistes font moins les fiers, et le trac commence à monter…<br />
Demain, nous allons à l’accrobranche le matin, et nous espérons que la météo nous permettra de partir pour le bivouac au Cirque de Troumouse (près de l’Auberge du Maillet). Mais il faut être sûr qu’il n’y a pas d’orage annoncé et que la température sera clémente : la semaine dernière, les Pré-Ados qui étaient partis au Pic du Midi ont eu très froid, avec des températures proches de zéro.<br />
Bien entendu, nos reporters sont sur place et vous tiendront informés de la suite des événements, mais peut-être pas depuis le bivouac, car le réseau n’est pas garanti…<br />
A très bientôt…</p>
<p><strong>&gt;Dimanche 3 août</strong></p>
<p>Ce matin, réveil échelonné, en raison d’une soirée placée sous le régime du Loup-Garou et de la dégustation des gâteaux fabriqués par deux équipes de pâtissiers en herbe (la suite demain soir).<br />
Le temps étant incertain, nous avons bouleversé notre calendrier prévisionnel et déplacé le bivouac à mardi soir.<br />
Les enfants sont donc partis ce matin à Luz Saint Sauveur pour faire leurs achats : rassurez-vous, ils ne vous ont pas complètement oublié, et de nombreux cadeaux vous attendent…<br />
Puis retour à la Grange pour le repas, avant une mise au point des « scénettes », dont certaines laissent augurer des moments de franche rigolade.<br />
Le temps restant très couvert mais sans pluie, tous sont partis vers la Ferme des Cascades pour voir les chèvres et leur traite.<br />
Après une douche et un repas bien mérité, place à la veillée avec une soirée Times Up sur les animaux et un Quizz sur leur cris (par exemple, que fait l’alouette ? Elle grisolle).<br />
A demain…</p>
<p>PS : Nelson souhaite un très bon anniversaire à son Papa&#8230;</p>
<p><strong>Samedi 2 août</strong></p>
<p>Bonsoir,<br />
Ce matin, réveil échelonné, après une soirée Loup-Garou d’anthologie, qui avait fatigué les organismes.<br />
Ensuite, nous avons travaillé sur les petits sketches avec les enfants, où nous sommes allés de surprise en surprise : des trésors de talent de comédien et d’imitateur sont apparus au grand jour.<br />
Après le repas pris à la Grange, départ pour les Grottes de Bétharram, où tout le monde en a pris plein les yeux. Périple à pied, en bateau, en train, puis collation sur place…<br />
Le retour dans le bus fut l’occasion pour certains de faire une sieste réparatrice.<br />
La troupe a parfait son entraînement à la comédie en piégeant Sylviane et Olivier : panne d’électricité, rien vu, trop dégoûtés, y’en a marre… Force est de reconnaître que le piège a admirablement fonctionné…<br />
Le concours de gâteaux débute en ce moment même.<br />
Nous penserons à vous en les dégustant, lors de notre veillée jeux, avant un repos bien mérité.<br />
A demain.</p>
<p><strong>Vendredi 1er août</strong></p>
<p>Bonsoir à tous, quelques nouvelles du camp des enfants en ce vendredi.<br />
Après une soirée de jeux, les enfants ont eu un réveil échelonné ce matin.<br />
Après une présentation du sac et des accessoires nécessaires à une balade en montagne, nous sommes partis sur le chemin de l&rsquo;Agnouède pour la croix de Sia. Le soleil était au rendez-vous pour la matinée.<br />
Quelques litres de sang plus tard, de jambes tordues, de dos torturés, de cœur explosant en pleine poitrine, et de fringale digne d’un coureur du Tour de France nous arrivâmes à la fameuse Croix.<br />
Le temps de profiter d&rsquo;une vue splendide sur la vallée, en quelques instants, l’orage s&rsquo;est mis à gronder.<br />
Repli en voiture sur Sazos avant l’orage&#8230;<br />
Le repas concocté par Sylviane et Olivier englouti , une petite sieste s’est imposée.<br />
Après la préparation des équipes pour le concours de gâteaux et les petites scénettes, des douches bien méritées, et le repas du soir pizzaiolesque est là.<br />
Soirée loup garou en vue ouh…………………………………………..</p>
<p><strong>Jeudi 31 juillet</strong></p>
<p>Bonsoir à tous,<br />
Tout le monde est bien arrivé à la Grange, malgré une petite demi-heure de retard du train, et chacun a procédé à son installation et choisi son lit.<br />
Après un bon goûter et l’explication des règles qui vont régir la vie commune durant tout le camp, les enfants sont partis découvrir le village de Sazos, sa fontaine au bélier, son église typique des Pyrénées, son lavoir et ses moulins…<br />
Après le repas, qui devrait être joyeux et animé, une fois la vaisselle et le nettoyage expédiés, ce sera la première veillée, avec des petits jeux pour se découvrir et mémoriser les prénoms.<br />
Demain, la météo n’est franchement pas engageante : orages, avec possibilité de grêle et vents forts sur les sommets.<br />
Par conséquent, la première balade, qui devait nous emmener au Col de Riou, sera sans doute moins ambitieuse : nous resterons pas trop loin de la Grange, pour pouvoir faire un mouvement offensif de repli stratégique si besoin est…<br />
Et nous en profiterons pour commencer à travailler sur les contes, sketches et improvisations du spectacle de fin de camp.<br />
Portez-vous bien, et ne nous jalousez pas trop…<br />
A demain.</p>

<p>111Mercredi 6 août Bonsoir, Aujourd’hui, direction Ayzac-Ost et le Parc Animalier des Pyrénées, pour voir de tout près tous ces animaux de nos montagnes : isard, ours, marmotte, bouquetin, bien sûr, mais aussi lynx, mouflon, loup, loutre, vautour, gypaète barbu… Plus d’autres plus exotiques, venus d’Amérique du Sud ou de Mongolie… Sans oublier les explications [&hellip;]</p>
