{"id":1657,"date":"2015-08-02T23:36:13","date_gmt":"2015-08-02T21:36:13","guid":{"rendered":"https:\/\/www.assobayen.net\/Wordpress\/?page_id=1657"},"modified":"2024-02-19T15:16:45","modified_gmt":"2024-02-19T14:16:45","slug":"les-nouvelles-du-camp-ados-2015","status":"publish","type":"page","link":"https:\/\/www.assobayen.net\/Wordpress\/camps-2015\/les-nouvelles-du-camp-ados-2015\/","title":{"rendered":"News Ados 2015"},"content":{"rendered":"<p><b>Mardi 4 ao\u00fbt<\/b><\/p>\n<p>Bonjour \u00e0 tous,<\/p>\n<p>Nous voici enfin arriv\u00e9s \u00e0 Bayen. \u00c7a faisait 1 an qu&rsquo;on l&rsquo;attendait !<\/p>\n<p>Et c&rsquo;est pas l&rsquo;heure et demi de retard du train qui aura entam\u00e9 notre motivation. Nous en avons profit\u00e9 pour mieux nous conna\u00eetre. Le groupe commence d\u00e9j\u00e0 \u00e0 se former.<\/p>\n<p>Les quelques nouveaux bayennais ont d\u00e9couvert la grange. Tout le monde a install\u00e9 ses affaires et pris ses marques. Les services sont d\u00e9j\u00e0 en route et les trois colons cuistots du soir nous pr\u00e9parent un hachis Parmentier du tonnerre (petit clin d\u2019\u0153il aux orages qui ont perturb\u00e9 le r\u00e9seau SNCF).<\/p>\n<p>En parlant de m\u00e9t\u00e9o, nous devrions nous lever demain sous un grand ciel bleu qui nous permettra de partir le c\u0153ur l\u00e9ger pour la premi\u00e8re randonn\u00e9e (le Lac dets Coubous au dessus de Barr\u00e8ges).<\/p>\n<p>Il nous reste maintenant deux semaines pour distinguer les trois Thomas et le Tom dans notre petit groupe\u2026 Et puis, accessoirement, on essaiera de vous donner des informations sur le camp au fur et \u00e0 mesure.<\/p>\n<p><strong>Mercredi 5 ao\u00fbt<\/strong><\/p>\n<p>\u00c9tonnant, franchement \u00e9tonnant&nbsp;!<\/p>\n<p>Commen\u00e7ons par un lever d&rsquo;une efficacit\u00e9 in\u00e9dite pour un premier jour. Alors que nous avions pr\u00e9vu 2h pour le petit d\u00e9jeuner, la pr\u00e9paration et la v\u00e9rification des sacs, le rangement de la grange, le groupe \u00e9tait pr\u00eat apr\u00e8s seulement\u2026 1h15. Et c&rsquo;est dans le calme que nous avons attendu le bus. Nous pr\u00e9voirons un temps de lever plus court pour les prochaines randos&nbsp;!<\/p>\n<p>Ensuite, nous avions pr\u00e9vu le d\u00e9part de la rando \u00e0 9h au parking de la station de ski de Bar\u00e8ges pour une arriv\u00e9e au lac dets Coubous vers 11h30. Finalement nous avons d\u00e9coll\u00e9 \u00e0 8h40 et sommes arriv\u00e9s au lac \u00e0 \u2026 10h10. Vous dire qu&rsquo;ils ont bien march\u00e9 serait un euph\u00e9misme. Nous ne dirons pas non plus qu&rsquo;ils ont galop\u00e9s, mais presque\u2026 Pour le coup, nous pouss\u00e9 jusqu&rsquo;au lac N\u00e8re. Le temps \u00e9tait au rendez-vous et nous avons bien profit\u00e9 de la pause d\u00e9jeuner au bord du lac pour nous reposer. Le retour, aussi efficace que l&rsquo;aller, nous \u00e0 permis de rejoindre le bus \u00e0 16h.<\/p>\n<p>Vous pouvez voir notre parcours en cliquant sur le lien&nbsp;: <a href=\"http:\/\/www.visugpx.com\/?i=9zaTABT2bs\">http:\/\/www.visugpx.com\/?i=9zaTABT2bs<\/a><\/p>\n<p>Nous profitons que les jeunes se douchent pour vous \u00e9crire ce petit mot et peaufiner la veill\u00e9e de ce soir qui sera sans doute calme et reposante apr\u00e8s une telle journ\u00e9e.<\/p>\n<p><strong>Jeudi 6 ao\u00fbt<\/strong><\/p>\n<p>Aujourd&rsquo;hui \u00e9tait une journ\u00e9e repos. Et nous nous sommes repos\u00e9s. C&rsquo;\u00e9tait n\u00e9cessaire car un petit d\u00e9rangement intestinal passager a perturb\u00e9 quelques jeunes hier soir et ce matin.<\/p>\n<p>Un premier groupe a fait de la via ferrata au pont Napol\u00e9on dans la matin\u00e9e. Pendant ce temps, le second groupe, qui en fera mercredi prochain, a put rester tranquille \u00e0 la grange, voir m\u00eame prolonger la nuit pour certains.<\/p>\n<p>Cet apr\u00e8s-midi, les jeunes se sont r\u00e9partis entre faire les courses \u00e0 Luz avec Fabienne, jouer au foot dans le city-foot de Sazos et se reposer \u00e0 la grange.<\/p>\n<p>Ce soir, Estelle (animatrice) nous rejoint \u00e0 la grange, ce qui permettra d&rsquo;augmenter l&rsquo;effectif f\u00e9minin du groupe !<\/p>\n<p>Demain nous partons en randonn\u00e9e \u00e0 l&rsquo;assaut du Lac Bleu au d\u00e9part du Tourmalet. Ceux qui auront besoin d&rsquo;une journ\u00e9e de repos suppl\u00e9mentaire resteront \u00e0 la grange avec Ga\u00eblle.<\/p>\n<p><strong>Vendredi 7 ao\u00fbt<\/strong><\/p>\n<p>R\u00e9veille 6h. D\u00e9part 7h15 en bus. D\u00e9part de la rando 8h15 direction le Lac Bleu.<\/p>\n<p>Finalement tous les colons ont particip\u00e9 \u00e0 cette randonn\u00e9e sous un magnifique ciel bleu. Comme avant hier, nous avons tr\u00e8s bien march\u00e9 ce qui nous a permis de profiter d&rsquo;une bonne pause d\u00e9jeuner au pr\u00e8s du lac et d&rsquo;admirer la mer de nuages dans la vall\u00e9e. Au d\u00e9tour de quelques virages, nous avons put admirer des marmottes. Le chauffeur, Pierre Capou nous a accompagn\u00e9s sur cette randonn\u00e9e.<\/p>\n<p>Vous pouvez voir notre parcours en cliquant sur le lien&nbsp;: <a href=\"http:\/\/www.visugpx.com\/?i=GkuoV3HcS4\">http:\/\/www.visugpx.com\/?i=GkuoV3HcS4<\/a><\/p>\n<p>De retour \u00e0 la grange, comme \u00e0 l&rsquo;habitu\u00e9, douche, pr\u00e9paration du repas, repas, services.<\/p>\n<p>Tout le monde est en forme et nous allons commencer la veill\u00e9e qui est organis\u00e9e par nos visiteuses du jour&nbsp;: Marion, Cl\u00e9mence et Marie (anciennes colons et animatrices des camps petits et pr\u00e9-ados).<\/p>\n<p>Demain la journ\u00e9e repos nous permettra de reprendre des forces et de pr\u00e9parer le bivouac \u00e0 venir.<\/p>\n<p><b>Dimanche 9 ao\u00fbt<\/b><\/p>\n<p>Oups, \u00e7a commence, on a oubli\u00e9 de faire le mot hier soir.<\/p>\n<p>Mais en m\u00eame temps, il faut le reconna\u00eetre, il ne s&rsquo;est pas pass\u00e9 grand-chose durant cette journ\u00e9e repos. D\u00e9j\u00e0 parce que la pluie \u00e9tait au rendez-vous, du coup le matin est pass\u00e9 doucement (petits jeux, rangements, repos). L&rsquo;apr\u00e8s-midi nous sommes descendus \u00e0 Luz en voiture avec environ la moiti\u00e9 du groupe, apr\u00e8s avoir mont\u00e9 les tentes dans la grange pour v\u00e9rifier que tout est en \u00e9tat et qu&rsquo;aucun \u00e9l\u00e9ment ne manque. Aussi, Denis est arriv\u00e9 avec sa nouvelle paire de lunettes pour remplacer Ga\u00eblle en cuisine que nous ne reverrons pas au retour du bivouac.<\/p>\n<p>Ce matin, nous pr\u00e9parons nos affaires pour partir 3 jours en montagne, aux lacs d&rsquo;Ardiden (d\u00e9part de la grange). Nous d\u00e9collerons vers 10h. Comme vous vous en doutez, nous ne mettrons donc pas \u00e0 jour cette page avant mardi.<\/p>\n<p><b>Mardi 11 ao\u00fbt<\/b><\/p>\n<p>Comme promis, voici un petit compte rendu de notre sortie de 3 jours.<\/p>\n<p>Dimanche, c&rsquo;est le jour 1, celui qu&rsquo;on retient. Nous sommes partis l\u00e9gers de la grange jusqu&rsquo;au plateau de Bernazau o\u00f9 nos lourds sacs nous attendaient dans les voitures. Une belle mont\u00e9e de 3h, et nous voil\u00e0 \u00e0 la cabane de Lag\u00fces. Le campement est install\u00e9, pr\u00eat pour une repas de bivouac \u00e0 base de pur\u00e9e et de soupe pour nous r\u00e9chauffer. Et nous en avons bien besoin car les nuages commencent \u00e0 occuper le ciel sans toutefois nous amener la pluie.<\/p>\n<p>Vous pouvez voir notre parcours en cliquant sur le lien&nbsp;: <a href=\"http:\/\/www.visugpx.com\/?i=IJTODRxELV\">http:\/\/www.visugpx.com\/?i=IJTODRxELV<\/a><\/p>\n<p>Lundi matin, nous nous r\u00e9veillons sous une temp\u00eate de ciel bleu qui nous accompagne jusqu&rsquo;au retour. Les 7 lacs d&rsquo;Ardidens sont accueillants, d&rsquo;un bleu \u00e9clatant, entour\u00e9s de montagnes \u00e9maci\u00e9s, et bord\u00e9s de n\u00e9v\u00e9s. L&rsquo;histoire de Marie-Paco prend vie gr\u00e2ce aux talents de conteuse de Cl\u00e9mence.<\/p>\n<p>Vous pouvez voir notre parcours en cliquant sur le lien&nbsp;: <a href=\"http:\/\/www.visugpx.com\/?i=4X62RNtmk5\">http:\/\/www.visugpx.com\/?i=4X62RNtmk5<\/a><\/p>\n<p>Ce matin, nous redescend\u00eemes \u00e0 la grange charg\u00e9s de bons souvenirs. Apr\u00e8s un effort interminable, nos rotules ont pu bien se reposer avec un bon d\u00e9jeuner \u00e0 la grange au soleil. Apr\u00e8s un d\u00e9crassage en r\u00e8gle, et une sieste bien m\u00e9rit\u00e9e, nous attendons avec impatience les p\u00e2tes \u00e0 la carbonara qui vont nous remettre du baume au c\u0153ur ce soir.<\/p>\n<p>Vous pouvez voir notre parcours en cliquant sur le lien&nbsp;: <a href=\"http:\/\/www.visugpx.com\/?i=DwZSRJm4eB\">http:\/\/www.visugpx.com\/?i=DwZSRJm4eB<\/a><\/p>\n<p><b>Mercredi 12 ao\u00fbt<\/b><\/p>\n<p>Ce matin, le second groupe est all\u00e9 faire de la via ferrata pendant que les autres jeunes ont pu prolonger leur nuit. Une apr\u00e8s-midi de repos \u00e0 base de d\u00e9tente et d&rsquo;activit\u00e9 physique (courses \u00e0 Luz et football\/rugby).<\/p>\n<p>Estelle nous a (enfin&nbsp;? \ud83d\ude09 ) quitt\u00e9s tout \u00e0 l&rsquo;heure.<\/p>\n<p>Du fait de la m\u00e9t\u00e9o et apr\u00e8s discussion avec l&rsquo;accompagnateur de moyenne montagne (Alexis), nous sommes contraint de modifier notre programme de fin de s\u00e9jour. En effet, le temps devrait \u00eatre perturb\u00e9 d\u00e8s demain et nous attendrons patiemment le retour du beau temps pour faire une derni\u00e8re randonn\u00e9e avec Alexis. D&rsquo;ici l\u00e0, activit\u00e9s ludiques, canyoning, et sans doute culinaire (g\u00e2teaux).<\/p>\n<p>Toujours rien \u00e0 dire sur l\u2019esprit du groupe, ou plut\u00f4t, que du bien&nbsp;! Les jeunes sont autonomes, de bon esprit et participatifs. Le camp est donc tr\u00e8s agr\u00e9able pour tout le monde.<\/p>\n<p>Compte tenu de la m\u00e9t\u00e9o de demain, nous pr\u00e9voyons une veill\u00e9e plus longue ce soir et une grasse matin\u00e9e digne de ce nom.<\/p>\n<p><b>Jeudi 13 ao\u00fbt<\/b><\/p>\n<p>Hier Callixte a anim\u00e9 une veill\u00e9e m\u00eemes qui a eu un beau succ\u00e8s. Tout le monde s&rsquo;est pris au jeu. Apr\u00e8s un coucher vers 0h30, la grasse matin\u00e9e fut au rendez-vous et tout le monde en a profit\u00e9.<\/p>\n<p>Comme la m\u00e9t\u00e9o l\u2019annon\u00e7ait, la pluie est tomb\u00e9e toute la nuit et des orages ont grond\u00e9 par moment. Mais elle s&rsquo;est bien tromp\u00e9e pour la journ\u00e9e qui fut majoritairement ensoleill\u00e9e avec des passages nuageux r\u00e9guliers. Cela nous a permis de sortir de la grange et d&rsquo;aller faire un foot \u00e0 Sazos.<\/p>\n<p>Demain nous ferons encore une grasse matin\u00e9e avant le canyoning de l&rsquo;apr\u00e8s-midi. Cela va encore nous permettre de faire une veill\u00e9e longue.<\/p>\n<p>Toujours dans l&rsquo;espoir que la m\u00e9t\u00e9o s&rsquo;am\u00e9liore durablement pour pouvoir faire notre derni\u00e8re randonn\u00e9e du camp&#8230;<\/p>\n<p><b>Vendredi 14 ao\u00fbt<\/b><\/p>\n<p>Grasse matin\u00e9e de rigueur STOP D\u00e9jeuner \u00e0 la grange STOP D\u00e9part canyoning 13h30 STOP Canyoning bien pass\u00e9 STOP Tout le monde content STOP Pas de bless\u00e9 STOP Temps m\u00e9diocre et frais STOP Chocolat chaud et douche chaude au retour STOP Ce soir poulet Yassa STOP Veill\u00e9e de rigueur STOP Toujours espoir d&rsquo;am\u00e9lioration de la m\u00e9t\u00e9o pour bivouac STOP Prochaine info demain STOP<\/p>\n<p><b>Samedi 15 ao\u00fbt<\/b><\/p>\n<p>\u00c7a y est, c&rsquo;est d\u00e9cid\u00e9&nbsp;: nous partons demain pour deux jours \u00e0 l&rsquo;assaut du Taillon (3144 m d&rsquo;altitude) puis de la Vire des Fleurs, situ\u00e9e derni\u00e8re le cirque de Gavarnie, c\u00f4t\u00e9 espagnol.<\/p>\n<p>Nous avons donc pr\u00e9par\u00e9 nos sacs ce matin ainsi que rang\u00e9 les dortoirs qui en avaient bien besoin. Cet apr\u00e8s-midi, nous avons profit\u00e9 qu&rsquo;il ne pleuve pas pour faire un jeu dans Luz&nbsp;: un rallye photos. Et c&rsquo;est avec brio que tous les jeunes se sont improvis\u00e9s photographes avec un triple challenge&nbsp;: suivre les instructions, y apporter une touche humoristique et artistique.<\/p>\n<p>Ce soir pas de veill\u00e9e. Demain lev\u00e9 \u00e0 5h. La montagne appartient \u00e0 ceux qui se l\u00e8vent t\u00f4t&nbsp;! On vous donnera donc les derni\u00e8res nouvelles lundi soir, au retour du bivouac, avant de faire nos valises pour rentrer \u00e0 la maison.<\/p>\n<p><b>Lundi 17 ao\u00fbt<\/b><\/p>\n<p>Rentr\u00e9s, fatigu\u00e9s mais enjou\u00e9s. Cette derni\u00e8re randonn\u00e9e \u00e9tait \u00e0 la hauteur. Les jeunes aussi. Alex, le guide, nous a <u>tous<\/u> amen\u00e9s en haut du Taillon, \u00e0 3144 m, et \u00e0 la Vire des Fleures (derri\u00e8re le cirque de Gavarnie, c\u00f4t\u00e9 espagnol). Mais comme si cela ne suffisait pas, ils nous a aussi fait visiter une grotte et des puits naturels dans ce paysage de roches calcaires. Nous avons bivouaqu\u00e9 au plateau de Millaris. Une pelouse imp\u00e9cablement tondue pour accueillir nos tentes. Le seul b\u00e9mol de ces deux jours&nbsp;: une petite pluie pendant la nuit de bivouac (n&rsquo;aillez crainte, les tentes \u00e9taient bien mont\u00e9es et personne n&rsquo;a pris l&rsquo;eau) ainsi qu&rsquo;aujourd&rsquo;hui dans l&rsquo;apr\u00e8s-midi sur le chemin du retour.<\/p>\n<p>Vous pouvez voir notre parcours en cliquant sur le lien&nbsp;: <a href=\"http:\/\/www.visugpx.com\/?i=WKEzeO3qfk\">http:\/\/www.visugpx.com\/?i=WKEzeO3qfk<\/a><\/p>\n<p>Vous pouvez voir notre parcours en cliquant sur le lien&nbsp;: <a href=\"http:\/\/www.visugpx.com\/?i=Ogaspm55ki\">http:\/\/www.visugpx.com\/?i=Ogaspm55ki<\/a><\/p>\n<p>Comme \u00e0 chaque retour de bivouac, la douche fut appr\u00e9ci\u00e9e. La tartiflette \u00e0 rempli les estomacs.<\/p>\n<p>Demain, un dur labeur nous attend&nbsp;: rangeage, sacation et lavation de la grange. Ensuite, nous rentrerons \u00e0 Bordeaux train et vous retrouverons \u00e0 19h09 sur le quai.<\/p>\n","protected":false},"excerpt":{"rendered":"<p>Mardi 4 ao\u00fbt Bonjour \u00e0 tous, Nous voici enfin arriv\u00e9s \u00e0 Bayen. \u00c7a faisait 1 an qu&rsquo;on l&rsquo;attendait ! Et c&rsquo;est pas l&rsquo;heure et demi de retard du train qui aura entam\u00e9 notre motivation. Nous en avons profit\u00e9 pour mieux nous conna\u00eetre. Le groupe commence d\u00e9j\u00e0 \u00e0 se former. Les quelques nouveaux bayennais ont d\u00e9couvert [&hellip;]<\/p>\n","protected":false},"author":16,"featured_media":0,"parent":2299,"menu_order":1,"comment_status":"closed","ping_status":"open","template":"","meta":{"footnotes":""},"class_list":["post-1657","page","type-page","status-publish","hentry"],"_links":{"self":[{"href":"https:\/\/www.assobayen.net\/Wordpress\/wp-json\/wp\/v2\/pages\/1657","targetHints":{"allow":["GET"]}}],"collection":[{"href":"https:\/\/www.assobayen.net\/Wordpress\/wp-json\/wp\/v2\/pages"}],"about":[{"href":"https:\/\/www.assobayen.net\/Wordpress\/wp-json\/wp\/v2\/types\/page"}],"author":[{"embeddable":true,"href":"https:\/\/www.assobayen.net\/Wordpress\/wp-json\/wp\/v2\/users\/16"}],"replies":[{"embeddable":true,"href":"https:\/\/www.assobayen.net\/Wordpress\/wp-json\/wp\/v2\/comments?post=1657"}],"version-history":[{"count":16,"href":"https:\/\/www.assobayen.net\/Wordpress\/wp-json\/wp\/v2\/pages\/1657\/revisions"}],"predecessor-version":[{"id":2350,"href":"https:\/\/www.assobayen.net\/Wordpress\/wp-json\/wp\/v2\/pages\/1657\/revisions\/2350"}],"up":[{"embeddable":true,"href":"https:\/\/www.assobayen.net\/Wordpress\/wp-json\/wp\/v2\/pages\/2299"}],"wp:attachment":[{"href":"https:\/\/www.assobayen.net\/Wordpress\/wp-json\/wp\/v2\/media?parent=1657"}],"curies":[{"name":"wp","href":"https:\/\/api.w.org\/{rel}","templated":true}]}}