{"id":2089,"date":"2017-08-04T18:43:51","date_gmt":"2017-08-04T16:43:51","guid":{"rendered":"https:\/\/www.assobayen.net\/Wordpress\/?page_id=2089"},"modified":"2024-02-19T15:17:27","modified_gmt":"2024-02-19T14:17:27","slug":"les-nouvelles-du-camp-ados-2017","status":"publish","type":"page","link":"https:\/\/www.assobayen.net\/Wordpress\/camps-2017\/les-nouvelles-du-camp-ados-2017\/","title":{"rendered":"News Ados 2017"},"content":{"rendered":"<p><strong>Mercredi 16 ao\u00fbt :<\/strong><\/p>\n<p>Nous terminons le camp avec le canyoning. Une activit\u00e9 tr\u00e8s attendue ! Le matin pour \u00e9viter l&rsquo;afflux dans le canyon d&rsquo;H\u00e9as couru dans toute la r\u00e9gion. Une petite sieste en d\u00e9but d&rsquo;apr\u00e8s-midi avant d&rsquo;aller \u00e0 Luz pour les derni\u00e8res courses.<\/p>\n<p>Demain c&rsquo;est d\u00e9j\u00e0 le retour \u00e0 la maison. Ces deux semaines sont pass\u00e9es \u00e0 toute vitesse.<\/p>\n<p>Pour les parents qu&rsquo;on retrouve \u00e0 Lourdes, rendez-vous \u00e0 15h30 (nous prendrons le train \u00e0 16h12).<\/p>\n<p>Nous arriverons \u00e0 Bordeaux \u00e0 18h58. Nous vous donnons rendez-vous sur le quai (train 8585 voiture 6).<\/p>\n<p><strong>Mardi 15 ao\u00fbt :<\/strong><\/p>\n<p>Ce matin, nous replions le bivouac. Retour \u00e0 la grange \u00e0 13h. Fabienne et Denis nous ont pr\u00e9par\u00e9 de bons hamburgers\/frites maisons pour compenser des repas lyophilis\u00e9s du&nbsp; bivouac. L&rsquo;apr\u00e8s-midi c&rsquo;est douche et repos. Si la m\u00e9t\u00e9o nous le permet, nous irons \u00e0 Luz-Saint-Sauveur pour voir le feu d&rsquo;artifice.<\/p>\n<p>La trace GPS du retour : <a href=\"https:\/\/www.visugpx.com\/X3ACpriuyQ\" target=\"_blank\" rel=\"noopener\">https:\/\/www.visugpx.com\/X3ACpriuyQ<\/a><\/p>\n<p><strong>Lundi 14 ao\u00fbt :<\/strong><\/p>\n<p>Le jour J. La grande ascension. Objectif : Ardident. 2988 m\u00e8tres d&rsquo;altitude. Il aurait pu \u00eatre un 3000 m&#8230; \u00e0 12 m\u00e8tres pr\u00e8s.<\/p>\n<p>Depuis le lac de Lagu\u00ebs, la premi\u00e8re moiti\u00e9 du parcours est balis\u00e9e, sur un chemin classique, jusqu&rsquo;au Lac Grand, le plus haut et le plus grand des Lacs d&rsquo;Ardiden. La seconde partie se g\u00e2te. L&rsquo;\u00e9volution dans les \u00e9boulis ralentie l&rsquo;ascension. Mais quelle r\u00e9compense lorsqu&rsquo;on arrive \u00e0 la cr\u00eate ! On d\u00e9couvre soudainement la vall\u00e9e de la Fruiti\u00e8re, \u00e0 c\u00f4t\u00e9 de Cauteret, menant jusqu&rsquo;au glacier du Vignemal qu&rsquo;on aper\u00e7ois aussi. Plus que 150 m\u00e8tres pour arriver au sommet. Il offre un spectacle sur toute la r\u00e9gion alentour. En plaine, la m\u00e9t\u00e9o d\u00e9gag\u00e9e nous autorise \u00e0 voir jusqu&rsquo;\u00e0 Pau ! Les 1000 m\u00e8tres que nous avons mont\u00e9s sont maintenant \u00e0 redescendre pour retourner \u00e0 notre bivouac. Les pieds chauffent et la fatigue nous guette. Le repas chaud est bienvenue. La veill\u00e9e autour du feu de camp clos cette belle journ\u00e9e.<\/p>\n<p>Pour voir la trace GPS c&rsquo;est ici : <a href=\"https:\/\/www.visugpx.com\/YoAiKxm7jQ\" target=\"_blank\" rel=\"noopener\">https:\/\/www.visugpx.com\/YoAiKxm7jQ<\/a><\/p>\n<p><strong>Dimanche 13 ao\u00fbt :<\/strong><\/p>\n<p>Nous avons finit de pr\u00e9parer nos sacs pour un d\u00e9part en fin de matin\u00e9e. Cet exercice nouveau pour la plupart a demand\u00e9 toute l&rsquo;attention de l&rsquo;\u00e9quipe d&rsquo;animation. Le but : trouver le meilleur compromis entre ne pas avoir froid pendant le bivouac \/ avec un sac pas trop lourd \/ ne manquer de rien. Heureusement, les voitures nous ont facilit\u00e9 la tache en amenant les sacs \u00e0 mi-parcours. Nous avons donc march\u00e9 \u00ab\u00a0l\u00e9ger\u00a0\u00bb le premi\u00e8re moiti\u00e9 de l&rsquo;ascension vers le lieu de bivouac. L&rsquo;effort de la seconde partie fut r\u00e9compens\u00e9 par une veill\u00e9e au coin du feu, avec en toile de fond le lumi\u00e8res de Tarbes qui scintillaient. Nous avons un petit peu tard\u00e9 \u00e0 aller au lit, le spectacle des \u00e9toiles retenant notre attention.<\/p>\n<p>La trace GPS est disponible ici : <a href=\"https:\/\/www.visugpx.com\/CEbdfsC3ZA\" target=\"_blank\" rel=\"noopener\">https:\/\/www.visugpx.com\/CEbdfsC3ZA<\/a><\/p>\n<p><strong>Samedi 12 ao\u00fbt :<\/strong><\/p>\n<p>Un programme charg\u00e9 pour ce \u00ab\u00a0jour de repos\u00a0\u00bb. En effet, il nous a fallu commencer \u00e0 pr\u00e9parer les sacs pour le bivouac qui nous attend demain le matin. L&rsquo;apr\u00e8s-midi, tous le monde s&rsquo;est essay\u00e9 \u00e0 l&rsquo;escalade, m\u00eame les plus r\u00e9ticents. Et tout le monde y a pris go\u00fbt \u00e0 la surprise des deux moniteurs d&rsquo;escalade qui encadraient l&rsquo;activit\u00e9.<\/p>\n<p><strong>Vendredi 11 ao\u00fbt :<\/strong><\/p>\n<p>Monter le Pim\u00e9n\u00e9 sur la journ\u00e9e (sans bivouac) aurait \u00e9t\u00e9 trop long. Avec Alex &#8211; l&rsquo;accompagnateur de moyenne montagne avec lequel nous travaillons &#8211; nous avons d\u00e9cid\u00e9 de faire \u00e0 la place le Col de la S\u00e8de. Il relie le cirque de Troumouse \u00e0 la vall\u00e9e des Aguillous. \u00c0 la mont\u00e9e depuis Troumouse, lorsque nous \u00e9tions sur la plateau du cirque, nous nous demandions par o\u00f9 Alex allait nous faire passer&#8230; Et finalement, bien que la pente soit raide, le chemin grimpe facilement en lac\u00e9s. Au col, le point de vu vaut le d\u00e9tour. Apr\u00e8s un petit d\u00e9tour par le col de la G\u00e9la, offrant le spectacle du cirque de Barroude, nous sommes redescendus au bus par la vall\u00e9e des Aguillous.<\/p>\n<p>La trace GPS (<a href=\"https:\/\/www.visugpx.com\/zQRHxIewAq\" target=\"_blank\" rel=\"noopener\">https:\/\/www.visugpx.com\/zQRHxIewAq<\/a>) montre un d\u00e9nivel\u00e9 de 1200 m\u00e8tres, de quoi rentrer \u00e0 la grange tous bien lessiv\u00e9s ! Mais aussi ros\u00e9s par le soleil qui tapait malgr\u00e9 un fond de l&rsquo;air frai.<\/p>\n<p><strong>Jeudi 10 ao\u00fbt :<\/strong><\/p>\n<p>Pour cette derni\u00e8re &#8211; on l&rsquo;esp\u00e8re &#8211; journ\u00e9e de mauvais temps (pluie et froid) nous avons randonn\u00e9 dans la vall\u00e9e &#8211; Agnou\u00e8de, Pont Napol\u00e9on, Astes &#8211; au d\u00e9part de la grange. Cela nous a permis de nous maintenir en forme sans pour autant trop puiser dans nos ressources.<\/p>\n<p>Suivez notre parcours sur la trace GPS : <a href=\"https:\/\/www.visugpx.com\/IsDN3v2om8\" target=\"_blank\" rel=\"noopener\">https:\/\/www.visugpx.com\/IsDN3v2om8<\/a><\/p>\n<p><strong>Mercredi 9 ao\u00fbt :<\/strong><\/p>\n<p>A cause des conditions m\u00e9t\u00e9os, nous avons profit\u00e9 de cette seconde journ\u00e9e de repos forc\u00e9e pour monter les tentes en pr\u00e9vision du bivouac final et faire des activit\u00e9s calmes (confection de bracelets) \u00e0 la grange. Le soir nous sommes sortis \u00e0 Luz y mettre un petit peu de piment !<\/p>\n<p><strong>Mardi 8 ao\u00fbt :<\/strong><\/p>\n<p>Journ\u00e9e repos. Nous avions tous besoin de r\u00e9cup\u00e9rer des forces apr\u00e8s la journ\u00e9e d&rsquo;hier. M\u00eame les coqs n&rsquo;ont pas r\u00e9ussit \u00e0 nous r\u00e9veiller ! L&rsquo;apr\u00e8s-midi a \u00e9t\u00e9 l&rsquo;occasion d&rsquo;un rallye photo qui amena les jeunes \u00e0 parcours Luz-Saint-Sauveur pour prendre des clich\u00e9s suivants les th\u00e8mes qui leurs \u00e9t\u00e9 demand\u00e9s. Les crit\u00e8res de notation : 1) respect du th\u00e8me, 2) esth\u00e9tique de la photo, 3) humour.<\/p>\n<p>Le programme des prochains jours continue d&rsquo;\u00eatre perturb\u00e9 par la m\u00e9t\u00e9o. Nous devons jongler avec les \u00e9pisodes pluvieux, et surtout la vague de froid qui s&rsquo;abat sur les Pyr\u00e9n\u00e9es \u00e0 partir de cette nuit nous emp\u00eachant de partir pour le premier bivouac.<\/p>\n<p><strong>Lundi 7 ao\u00fbt :<\/strong><\/p>\n<p>Ce matin, 6h, c&rsquo;est nous qui avons r\u00e9veill\u00e9s les coqs&#8230; et non l&rsquo;inverse ! C&rsquo;est depuis la grange que nous sommes partis \u00e0 la conqu\u00eate du Cot de Y\u00e9ous. Le Cot de Y\u00e9ous est le lieu d&rsquo;un hameau de quelques granges abandonn\u00e9es qui dominent la vall\u00e9e, surplombant Saligos, sur le versant face \u00e0 Sazos. Pour nous accompagner, la fen\u00eatre m\u00e9t\u00e9o \u00e9tait parfaite : les nuages se sont dissip\u00e9s au fur et \u00e0 mesure que nous montions nous assurant un peu de fra\u00eecheur avant que le soleil ne r\u00e9chauffe rapidement nos peaux quand nous avons atteint notre point culminant vers 10h30. Tout le monde est mont\u00e9 ensemble \u00e0 un bon rythme. Apr\u00e8s une bonne pause pour profiter du lieu et de son point de vu, la descente f\u00fbt rapide et efficace. De retour \u00e0 Grange vers 14h30, nous avons profit\u00e9 de l&rsquo;apr\u00e8s-midi pour r\u00e9cup\u00e9rer de notre effort matinal.<\/p>\n<p>Voici la trace GPS : <a href=\"https:\/\/www.visugpx.com\/6kDPBMDHCs\" target=\"_blank\" rel=\"noopener\">https:\/\/www.visugpx.com\/6kDPBMDHCs<\/a><\/p>\n<p><strong>Dimanche 6 ao\u00fbt :<\/strong><\/p>\n<p>Premi\u00e8re (et nous l&rsquo;esp\u00e9rons derni\u00e8re) d\u00e9convenue m\u00e9t\u00e9orologique ce jour. La randonn\u00e9e vers le Cot de Y\u00e9ous pr\u00e9vue aujourd&rsquo;hui est repouss\u00e9e \u00e0 demain. Cette journ\u00e9e de repos improvis\u00e9e nous aura permis de tester le nouveau parcours de tyroliennes de la vall\u00e9e. Nous rentrons tout juste, le sourire accroch\u00e9 aux l\u00e8vres \ud83d\ude42 Survoler le gave, tels des marionnettes de superman suspendus par la tyrolienne, f\u00fbt une belle surprise.<\/p>\n<p><strong>Samedi 5 ao\u00fbt :<\/strong><\/p>\n<p>Aujourd&rsquo;hui : journ\u00e9e de repos, nous avons pu laisser&nbsp;le temps \u00e0 nos jambes de se remettre. R\u00e9veille libre, les l\u00e8ve-tards ont profit\u00e9 de leur traversin jusqu&rsquo;\u00e0 11h30 ! L&rsquo;apr\u00e8s-midi \u00ab\u00a0shopping \u00e0 Luz\u00a0\u00bb a donn\u00e9, nous l&rsquo;esp\u00e9rons, un second souffle aux plus citadins. Le temps couvert n&rsquo;a heureusement pas tourn\u00e9 \u00e0 la pluie nous permettant, bien que le font de l&rsquo;air fut frai, de profiter de l&rsquo;ext\u00e9rieur.<\/p>\n<p><strong>Vendredi 4 ao\u00fbt :<\/strong><\/p>\n<p>Le voyage s&rsquo;est bien pass\u00e9 depuis Bordeaux hier. Nous avons put comparer notre efficacit\u00e9 face \u00e0 l&rsquo;autre colonie qui partageait notre wagon !<\/p>\n<p>Tout le monde a (re)trouv\u00e9 ses rep\u00e8res dans la grange. Certains ont d\u00e9couvert le lieu. Le groupe se construit.<\/p>\n<p>Aujourd&rsquo;hui nous nous sommes mis en jambes \u00e0 l\u2019assaut du col de Ripeyre. Depuis celui-ci la m\u00e9t\u00e9o id\u00e9ale nous offrait un point de vu imprenable sur le cirque de Gavarnie. Cette premi\u00e8re journ\u00e9e \u00e9tait l&rsquo;occasion de faire le point sur le mat\u00e9riel des uns et des autres. Les premi\u00e8res ampoules \u00e9clairent d\u00e9j\u00e0 les pieds de ceux qui mettent leurs chaussures de rando pour la premi\u00e8re fois.<\/p>\n<p>Voici les traces GPS de la mont\u00e9 puis de la descente : <a href=\"https:\/\/www.visugpx.com\/Yu4pCdDBoW\" target=\"_blank\" rel=\"noopener\">https:\/\/www.visugpx.com\/Yu4pCdDBoW<\/a>, <a href=\"https:\/\/www.visugpx.com\/vRk51xqzW5\" target=\"_blank\" rel=\"noopener\">https:\/\/www.visugpx.com\/vRk51xqzW5<\/a><\/p>\n<p>De retour \u00e0 la grange, c&rsquo;est une douche bien m\u00e9rit\u00e9e. Les services se mettent en place. La vie du camp prend forme !<\/p>\n","protected":false},"excerpt":{"rendered":"<p>Mercredi 16 ao\u00fbt : Nous terminons le camp avec le canyoning. Une activit\u00e9 tr\u00e8s attendue ! Le matin pour \u00e9viter l&rsquo;afflux dans le canyon d&rsquo;H\u00e9as couru dans toute la r\u00e9gion. Une petite sieste en d\u00e9but d&rsquo;apr\u00e8s-midi avant d&rsquo;aller \u00e0 Luz pour les derni\u00e8res courses. Demain c&rsquo;est d\u00e9j\u00e0 le retour \u00e0 la maison. Ces deux semaines [&hellip;]<\/p>\n","protected":false},"author":5,"featured_media":0,"parent":2329,"menu_order":1,"comment_status":"closed","ping_status":"closed","template":"","meta":{"footnotes":""},"class_list":["post-2089","page","type-page","status-publish","hentry"],"_links":{"self":[{"href":"https:\/\/www.assobayen.net\/Wordpress\/wp-json\/wp\/v2\/pages\/2089","targetHints":{"allow":["GET"]}}],"collection":[{"href":"https:\/\/www.assobayen.net\/Wordpress\/wp-json\/wp\/v2\/pages"}],"about":[{"href":"https:\/\/www.assobayen.net\/Wordpress\/wp-json\/wp\/v2\/types\/page"}],"author":[{"embeddable":true,"href":"https:\/\/www.assobayen.net\/Wordpress\/wp-json\/wp\/v2\/users\/5"}],"replies":[{"embeddable":true,"href":"https:\/\/www.assobayen.net\/Wordpress\/wp-json\/wp\/v2\/comments?post=2089"}],"version-history":[{"count":22,"href":"https:\/\/www.assobayen.net\/Wordpress\/wp-json\/wp\/v2\/pages\/2089\/revisions"}],"predecessor-version":[{"id":2343,"href":"https:\/\/www.assobayen.net\/Wordpress\/wp-json\/wp\/v2\/pages\/2089\/revisions\/2343"}],"up":[{"embeddable":true,"href":"https:\/\/www.assobayen.net\/Wordpress\/wp-json\/wp\/v2\/pages\/2329"}],"wp:attachment":[{"href":"https:\/\/www.assobayen.net\/Wordpress\/wp-json\/wp\/v2\/media?parent=2089"}],"curies":[{"name":"wp","href":"https:\/\/api.w.org\/{rel}","templated":true}]}}

<p><strong>Mercredi 16 août :</strong></p>
<p>Nous terminons le camp avec le canyoning. Une activité très attendue ! Le matin pour éviter l&rsquo;afflux dans le canyon d&rsquo;Héas couru dans toute la région. Une petite sieste en début d&rsquo;après-midi avant d&rsquo;aller à Luz pour les dernières courses.</p>
<p>Demain c&rsquo;est déjà le retour à la maison. Ces deux semaines sont passées à toute vitesse.</p>
<p>Pour les parents qu&rsquo;on retrouve à Lourdes, rendez-vous à 15h30 (nous prendrons le train à 16h12).</p>
<p>Nous arriverons à Bordeaux à 18h58. Nous vous donnons rendez-vous sur le quai (train 8585 voiture 6).</p>
<p><strong>Mardi 15 août :</strong></p>
<p>Ce matin, nous replions le bivouac. Retour à la grange à 13h. Fabienne et Denis nous ont préparé de bons hamburgers/frites maisons pour compenser des repas lyophilisés du&nbsp; bivouac. L&rsquo;après-midi c&rsquo;est douche et repos. Si la météo nous le permet, nous irons à Luz-Saint-Sauveur pour voir le feu d&rsquo;artifice.</p>
<p>La trace GPS du retour : <a href="https://www.visugpx.com/X3ACpriuyQ" target="_blank" rel="noopener">https://www.visugpx.com/X3ACpriuyQ</a></p>
<p><strong>Lundi 14 août :</strong></p>
<p>Le jour J. La grande ascension. Objectif : Ardident. 2988 mètres d&rsquo;altitude. Il aurait pu être un 3000 m&#8230; à 12 mètres près.</p>
<p>Depuis le lac de Laguës, la première moitié du parcours est balisée, sur un chemin classique, jusqu&rsquo;au Lac Grand, le plus haut et le plus grand des Lacs d&rsquo;Ardiden. La seconde partie se gâte. L&rsquo;évolution dans les éboulis ralentie l&rsquo;ascension. Mais quelle récompense lorsqu&rsquo;on arrive à la crête ! On découvre soudainement la vallée de la Fruitière, à côté de Cauteret, menant jusqu&rsquo;au glacier du Vignemal qu&rsquo;on aperçois aussi. Plus que 150 mètres pour arriver au sommet. Il offre un spectacle sur toute la région alentour. En plaine, la météo dégagée nous autorise à voir jusqu&rsquo;à Pau ! Les 1000 mètres que nous avons montés sont maintenant à redescendre pour retourner à notre bivouac. Les pieds chauffent et la fatigue nous guette. Le repas chaud est bienvenue. La veillée autour du feu de camp clos cette belle journée.</p>
<p>Pour voir la trace GPS c&rsquo;est ici : <a href="https://www.visugpx.com/YoAiKxm7jQ" target="_blank" rel="noopener">https://www.visugpx.com/YoAiKxm7jQ</a></p>
<p><strong>Dimanche 13 août :</strong></p>
<p>Nous avons finit de préparer nos sacs pour un départ en fin de matinée. Cet exercice nouveau pour la plupart a demandé toute l&rsquo;attention de l&rsquo;équipe d&rsquo;animation. Le but : trouver le meilleur compromis entre ne pas avoir froid pendant le bivouac / avec un sac pas trop lourd / ne manquer de rien. Heureusement, les voitures nous ont facilité la tache en amenant les sacs à mi-parcours. Nous avons donc marché « léger » le première moitié de l&rsquo;ascension vers le lieu de bivouac. L&rsquo;effort de la seconde partie fut récompensé par une veillée au coin du feu, avec en toile de fond le lumières de Tarbes qui scintillaient. Nous avons un petit peu tardé à aller au lit, le spectacle des étoiles retenant notre attention.</p>
<p>La trace GPS est disponible ici : <a href="https://www.visugpx.com/CEbdfsC3ZA" target="_blank" rel="noopener">https://www.visugpx.com/CEbdfsC3ZA</a></p>
<p><strong>Samedi 12 août :</strong></p>
<p>Un programme chargé pour ce « jour de repos ». En effet, il nous a fallu commencer à préparer les sacs pour le bivouac qui nous attend demain le matin. L&rsquo;après-midi, tous le monde s&rsquo;est essayé à l&rsquo;escalade, même les plus réticents. Et tout le monde y a pris goût à la surprise des deux moniteurs d&rsquo;escalade qui encadraient l&rsquo;activité.</p>
<p><strong>Vendredi 11 août :</strong></p>
<p>Monter le Piméné sur la journée (sans bivouac) aurait été trop long. Avec Alex &#8211; l&rsquo;accompagnateur de moyenne montagne avec lequel nous travaillons &#8211; nous avons décidé de faire à la place le Col de la Sède. Il relie le cirque de Troumouse à la vallée des Aguillous. À la montée depuis Troumouse, lorsque nous étions sur la plateau du cirque, nous nous demandions par où Alex allait nous faire passer&#8230; Et finalement, bien que la pente soit raide, le chemin grimpe facilement en lacés. Au col, le point de vu vaut le détour. Après un petit détour par le col de la Géla, offrant le spectacle du cirque de Barroude, nous sommes redescendus au bus par la vallée des Aguillous.</p>
<p>La trace GPS (<a href="https://www.visugpx.com/zQRHxIewAq" target="_blank" rel="noopener">https://www.visugpx.com/zQRHxIewAq</a>) montre un dénivelé de 1200 mètres, de quoi rentrer à la grange tous bien lessivés ! Mais aussi rosés par le soleil qui tapait malgré un fond de l&rsquo;air frai.</p>
<p><strong>Jeudi 10 août :</strong></p>
<p>Pour cette dernière &#8211; on l&rsquo;espère &#8211; journée de mauvais temps (pluie et froid) nous avons randonné dans la vallée &#8211; Agnouède, Pont Napoléon, Astes &#8211; au départ de la grange. Cela nous a permis de nous maintenir en forme sans pour autant trop puiser dans nos ressources.</p>
<p>Suivez notre parcours sur la trace GPS : <a href="https://www.visugpx.com/IsDN3v2om8" target="_blank" rel="noopener">https://www.visugpx.com/IsDN3v2om8</a></p>
<p><strong>Mercredi 9 août :</strong></p>
<p>A cause des conditions météos, nous avons profité de cette seconde journée de repos forcée pour monter les tentes en prévision du bivouac final et faire des activités calmes (confection de bracelets) à la grange. Le soir nous sommes sortis à Luz y mettre un petit peu de piment !</p>
<p><strong>Mardi 8 août :</strong></p>
<p>Journée repos. Nous avions tous besoin de récupérer des forces après la journée d&rsquo;hier. Même les coqs n&rsquo;ont pas réussit à nous réveiller ! L&rsquo;après-midi a été l&rsquo;occasion d&rsquo;un rallye photo qui amena les jeunes à parcours Luz-Saint-Sauveur pour prendre des clichés suivants les thèmes qui leurs été demandés. Les critères de notation : 1) respect du thème, 2) esthétique de la photo, 3) humour.</p>
<p>Le programme des prochains jours continue d&rsquo;être perturbé par la météo. Nous devons jongler avec les épisodes pluvieux, et surtout la vague de froid qui s&rsquo;abat sur les Pyrénées à partir de cette nuit nous empêchant de partir pour le premier bivouac.</p>
<p><strong>Lundi 7 août :</strong></p>
<p>Ce matin, 6h, c&rsquo;est nous qui avons réveillés les coqs&#8230; et non l&rsquo;inverse ! C&rsquo;est depuis la grange que nous sommes partis à la conquête du Cot de Yéous. Le Cot de Yéous est le lieu d&rsquo;un hameau de quelques granges abandonnées qui dominent la vallée, surplombant Saligos, sur le versant face à Sazos. Pour nous accompagner, la fenêtre météo était parfaite : les nuages se sont dissipés au fur et à mesure que nous montions nous assurant un peu de fraîcheur avant que le soleil ne réchauffe rapidement nos peaux quand nous avons atteint notre point culminant vers 10h30. Tout le monde est monté ensemble à un bon rythme. Après une bonne pause pour profiter du lieu et de son point de vu, la descente fût rapide et efficace. De retour à Grange vers 14h30, nous avons profité de l&rsquo;après-midi pour récupérer de notre effort matinal.</p>
<p>Voici la trace GPS : <a href="https://www.visugpx.com/6kDPBMDHCs" target="_blank" rel="noopener">https://www.visugpx.com/6kDPBMDHCs</a></p>
<p><strong>Dimanche 6 août :</strong></p>
<p>Première (et nous l&rsquo;espérons dernière) déconvenue météorologique ce jour. La randonnée vers le Cot de Yéous prévue aujourd&rsquo;hui est repoussée à demain. Cette journée de repos improvisée nous aura permis de tester le nouveau parcours de tyroliennes de la vallée. Nous rentrons tout juste, le sourire accroché aux lèvres 🙂 Survoler le gave, tels des marionnettes de superman suspendus par la tyrolienne, fût une belle surprise.</p>
<p><strong>Samedi 5 août :</strong></p>
<p>Aujourd&rsquo;hui : journée de repos, nous avons pu laisser&nbsp;le temps à nos jambes de se remettre. Réveille libre, les lève-tards ont profité de leur traversin jusqu&rsquo;à 11h30 ! L&rsquo;après-midi « shopping à Luz » a donné, nous l&rsquo;espérons, un second souffle aux plus citadins. Le temps couvert n&rsquo;a heureusement pas tourné à la pluie nous permettant, bien que le font de l&rsquo;air fut frai, de profiter de l&rsquo;extérieur.</p>
<p><strong>Vendredi 4 août :</strong></p>
<p>Le voyage s&rsquo;est bien passé depuis Bordeaux hier. Nous avons put comparer notre efficacité face à l&rsquo;autre colonie qui partageait notre wagon !</p>
<p>Tout le monde a (re)trouvé ses repères dans la grange. Certains ont découvert le lieu. Le groupe se construit.</p>
<p>Aujourd&rsquo;hui nous nous sommes mis en jambes à l’assaut du col de Ripeyre. Depuis celui-ci la météo idéale nous offrait un point de vu imprenable sur le cirque de Gavarnie. Cette première journée était l&rsquo;occasion de faire le point sur le matériel des uns et des autres. Les premières ampoules éclairent déjà les pieds de ceux qui mettent leurs chaussures de rando pour la première fois.</p>
<p>Voici les traces GPS de la monté puis de la descente : <a href="https://www.visugpx.com/Yu4pCdDBoW" target="_blank" rel="noopener">https://www.visugpx.com/Yu4pCdDBoW</a>, <a href="https://www.visugpx.com/vRk51xqzW5" target="_blank" rel="noopener">https://www.visugpx.com/vRk51xqzW5</a></p>
<p>De retour à la grange, c&rsquo;est une douche bien méritée. Les services se mettent en place. La vie du camp prend forme !</p>

<p>Mercredi 16 août : Nous terminons le camp avec le canyoning. Une activité très attendue ! Le matin pour éviter l&rsquo;afflux dans le canyon d&rsquo;Héas couru dans toute la région. Une petite sieste en début d&rsquo;après-midi avant d&rsquo;aller à Luz pour les dernières courses. Demain c&rsquo;est déjà le retour à la maison. Ces deux semaines [&hellip;]</p>
