{"id":237,"date":"2010-11-16T00:06:16","date_gmt":"2010-11-15T23:06:16","guid":{"rendered":"https:\/\/www.assobayen.net\/Wordpress\/?page_id=237"},"modified":"2024-02-19T15:17:39","modified_gmt":"2024-02-19T14:17:39","slug":"dates-cles","status":"publish","type":"page","link":"https:\/\/www.assobayen.net\/Wordpress\/lassociation\/dates-cles\/","title":{"rendered":"Dates Cl\u00e9s"},"content":{"rendered":"<table width=\"650\" border=\"1\" cellspacing=\"0\" cellpadding=\"0\">\n<tbody>\n<tr>\n<td valign=\"top\" width=\"92\">1970<\/td>\n<td valign=\"top\" width=\"558\">Les pr\u00e9mices de l\u2019association\u00a0: Robert BEDO, pr\u00eatre \u00e0 St M\u00e9dard d\u2019Eyrans, aum\u00f4nier des jeunes du MRJC du secteur, am\u00e8ne un petit groupe d\u2019adolescents \u00e0 Bayen.<\/td>\n<\/tr>\n<tr>\n<td valign=\"top\" width=\"92\">1972<\/td>\n<td valign=\"top\" width=\"558\">Avec une poign\u00e9e d\u2019amis,\u00a0 Georges FRAN\u00c7OIS et Robert \u00a0BEDO fondent l\u2019association de Bayen ( JO du 8 mars 1972 )<br \/>\nOuverture des camps pour les ados (14-18) en \u00e9t\u00e9 et durant les vacances d\u2019hiver.<\/td>\n<\/tr>\n<tr>\n<td valign=\"top\" width=\"92\">1973<\/td>\n<td valign=\"top\" width=\"558\">Nous devenons propri\u00e9taires de la grange par l\u2019 acte de vente du 2 mai,<br \/>\nR\u00e9cup\u00e9ration et ventes de chiffons \/ papiers\/ ferrailles pour financer les travaux \u00e0 venir du bloc sanitaire et ouverture des premiers camps chantier.<\/td>\n<\/tr>\n<tr>\n<td valign=\"top\" width=\"92\">1974 &#8211; 1976<\/td>\n<td valign=\"top\" width=\"558\">Construction du bloc sanitaire par les membres de l\u2019association.<br \/>\nTransport des mat\u00e9riaux par h\u00e9liportage, \u00e9lectrification et branchement au r\u00e9seau d\u2019eau communale.R\u00e9fection du toit qui \u00e9tait en t\u00f4le ondul\u00e9e<\/td>\n<\/tr>\n<tr>\n<td valign=\"top\" width=\"92\">1976\/ 1978<\/td>\n<td valign=\"top\" width=\"558\">En plus des camps, stages pour animateurs et amis permettant de d\u00e9couvrir l\u2019escalade et la haute montagne<\/td>\n<\/tr>\n<tr>\n<td valign=\"top\" width=\"92\">1980<\/td>\n<td valign=\"top\" width=\"558\">Mise en location de la grange aux familles et aux autres groupes en dehors des p\u00e9riodes de camps.<\/td>\n<\/tr>\n<tr>\n<td valign=\"top\" width=\"92\">1983<\/td>\n<td valign=\"top\" width=\"558\">Achat d\u2019un bus de 36 places.<\/td>\n<\/tr>\n<tr>\n<td valign=\"top\" width=\"92\">1983 \/ 1991<\/td>\n<td valign=\"top\" width=\"558\">Nous organisons chaque ann\u00e9e camps d\u2019\u00e9t\u00e9 et camps d\u2019hiver et accueillons dans cet intervalle plusieurs centaines de jeunes.<\/td>\n<\/tr>\n<tr>\n<td valign=\"top\" width=\"92\">1992<\/td>\n<td valign=\"top\" width=\"558\">L\u2019association de Bayen f\u00eate ses 20 ans,<br \/>\nProjet \u00e9ducatif \u00ab\u00a0 Bayen objectif 2000\u00a0\u00bb,<br \/>\nOuverture l\u2019\u00e9t\u00e9 des premiers camps pour les enfants (9-11) \u00a0et pour les pr\u00e9-ados (12-14),<br \/>\nCr\u00e9ation du 1<sup>er<\/sup> journal de l\u2019association (voir la rubrique sur ce site).<\/td>\n<\/tr>\n<tr>\n<td valign=\"top\" width=\"92\">1994 &#8211; 1996<\/td>\n<td valign=\"top\" width=\"558\">Mise en conformit\u00e9 de la grange ( isolation, d\u00e9tection de fum\u00e9e, electrict\u00e9),<br \/>\nConstruction d\u2019une cuisine (rehauss\u00e9e d\u2019un dortoir) par les membres de l\u2019association,<br \/>\nAcheminement des mat\u00e9riaux par toboggan et jeep datant de 1944 puis par sac \u00e0 dos.<\/td>\n<\/tr>\n<tr>\n<td valign=\"top\" width=\"92\">1998<\/td>\n<td valign=\"top\" width=\"558\">Mise en place d\u2019un serveur vocal pendant la dur\u00e9e des camps pour permettre aux parents d\u2019avoir les informations du camp 24h sur 24.<\/td>\n<\/tr>\n<tr>\n<td valign=\"top\" width=\"92\">2002<\/td>\n<td valign=\"top\" width=\"558\">L\u2019association de Bayen f\u00eate ses 30 ans.<br \/>\nCr\u00e9ation du site internet de l\u2019association.<\/td>\n<\/tr>\n<tr>\n<td valign=\"top\" width=\"92\">2003<\/td>\n<td valign=\"top\" width=\"558\">R\u00e9alisation de la route d\u2019acc\u00e8s \u00e0 la grange.<br \/>\nMort de Robert BEDO le 14 ao\u00fbt.<\/td>\n<\/tr>\n<tr>\n<td valign=\"top\" width=\"92\">2004<\/td>\n<td valign=\"top\" width=\"558\">Pr\u00e9sentation du projet \u00e9ducatif \u00ab\u00a0En route vers 2010\u00a0\u00bb<\/td>\n<\/tr>\n<tr>\n<td valign=\"top\" width=\"92\">2005<\/td>\n<td valign=\"top\" width=\"558\">Lancement des randonn\u00e9es pour adultes.<\/td>\n<\/tr>\n<tr>\n<td valign=\"top\" width=\"92\">2008-2009<\/td>\n<td valign=\"top\" width=\"558\">Appel aux dons pour donner un nouveau toit \u00e0 la grange.<br \/>\nR\u00e9fection compl\u00e8te du toit.<\/td>\n<\/tr>\n<tr>\n<td valign=\"top\" width=\"92\">2010<\/td>\n<td valign=\"top\" width=\"558\">Mort de Georges FRAN\u00c7OIS le 15 mai,<br \/>\nR\u00e9fection du sanitaire par les membres de l\u2019association.<\/td>\n<\/tr>\n<tr>\n<td valign=\"top\" width=\"92\">2012<\/td>\n<td valign=\"top\" width=\"558\">L\u2019association de Bayen f\u00eate ses 40 ans et pr\u00e9sente son nouveau logo.<\/td>\n<\/tr>\n<\/tbody>\n<\/table>\n","protected":false},"excerpt":{"rendered":"<p>1970 Les pr\u00e9mices de l\u2019association\u00a0: Robert BEDO, pr\u00eatre \u00e0 St M\u00e9dard d\u2019Eyrans, aum\u00f4nier des jeunes du MRJC du secteur, am\u00e8ne un petit groupe d\u2019adolescents \u00e0 Bayen. 1972 Avec une poign\u00e9e d\u2019amis,\u00a0 Georges FRAN\u00c7OIS et Robert \u00a0BEDO fondent l\u2019association de Bayen ( JO du 8 mars 1972 ) Ouverture des camps pour les ados (14-18) en [&hellip;]<\/p>\n","protected":false},"author":22,"featured_media":0,"parent":242,"menu_order":3,"comment_status":"closed","ping_status":"closed","template":"","meta":{"footnotes":""},"class_list":["post-237","page","type-page","status-publish","hentry"],"_links":{"self":[{"href":"https:\/\/www.assobayen.net\/Wordpress\/wp-json\/wp\/v2\/pages\/237","targetHints":{"allow":["GET"]}}],"collection":[{"href":"https:\/\/www.assobayen.net\/Wordpress\/wp-json\/wp\/v2\/pages"}],"about":[{"href":"https:\/\/www.assobayen.net\/Wordpress\/wp-json\/wp\/v2\/types\/page"}],"author":[{"embeddable":true,"href":"https:\/\/www.assobayen.net\/Wordpress\/wp-json\/wp\/v2\/users\/22"}],"replies":[{"embeddable":true,"href":"https:\/\/www.assobayen.net\/Wordpress\/wp-json\/wp\/v2\/comments?post=237"}],"version-history":[{"count":10,"href":"https:\/\/www.assobayen.net\/Wordpress\/wp-json\/wp\/v2\/pages\/237\/revisions"}],"predecessor-version":[{"id":4871,"href":"https:\/\/www.assobayen.net\/Wordpress\/wp-json\/wp\/v2\/pages\/237\/revisions\/4871"}],"up":[{"embeddable":true,"href":"https:\/\/www.assobayen.net\/Wordpress\/wp-json\/wp\/v2\/pages\/242"}],"wp:attachment":[{"href":"https:\/\/www.assobayen.net\/Wordpress\/wp-json\/wp\/v2\/media?parent=237"}],"curies":[{"name":"wp","href":"https:\/\/api.w.org\/{rel}","templated":true}]}}

Dates Clés

<table width="650" border="1" cellspacing="0" cellpadding="0">
<tbody>
<tr>
<td valign="top" width="92">1970</td>
<td valign="top" width="558">Les prémices de l’association : Robert BEDO, prêtre à St Médard d’Eyrans, aumônier des jeunes du MRJC du secteur, amène un petit groupe d’adolescents à Bayen.</td>
</tr>
<tr>
<td valign="top" width="92">1972</td>
<td valign="top" width="558">Avec une poignée d’amis,  Georges FRANÇOIS et Robert  BEDO fondent l’association de Bayen ( JO du 8 mars 1972 )<br />
Ouverture des camps pour les ados (14-18) en été et durant les vacances d’hiver.</td>
</tr>
<tr>
<td valign="top" width="92">1973</td>
<td valign="top" width="558">Nous devenons propriétaires de la grange par l’ acte de vente du 2 mai,<br />
Récupération et ventes de chiffons / papiers/ ferrailles pour financer les travaux à venir du bloc sanitaire et ouverture des premiers camps chantier.</td>
</tr>
<tr>
<td valign="top" width="92">1974 &#8211; 1976</td>
<td valign="top" width="558">Construction du bloc sanitaire par les membres de l’association.<br />
Transport des matériaux par héliportage, électrification et branchement au réseau d’eau communale.Réfection du toit qui était en tôle ondulée</td>
</tr>
<tr>
<td valign="top" width="92">1976/ 1978</td>
<td valign="top" width="558">En plus des camps, stages pour animateurs et amis permettant de découvrir l’escalade et la haute montagne</td>
</tr>
<tr>
<td valign="top" width="92">1980</td>
<td valign="top" width="558">Mise en location de la grange aux familles et aux autres groupes en dehors des périodes de camps.</td>
</tr>
<tr>
<td valign="top" width="92">1983</td>
<td valign="top" width="558">Achat d’un bus de 36 places.</td>
</tr>
<tr>
<td valign="top" width="92">1983 / 1991</td>
<td valign="top" width="558">Nous organisons chaque année camps d’été et camps d’hiver et accueillons dans cet intervalle plusieurs centaines de jeunes.</td>
</tr>
<tr>
<td valign="top" width="92">1992</td>
<td valign="top" width="558">L’association de Bayen fête ses 20 ans,<br />
Projet éducatif «  Bayen objectif 2000 »,<br />
Ouverture l’été des premiers camps pour les enfants (9-11)  et pour les pré-ados (12-14),<br />
Création du 1<sup>er</sup> journal de l’association (voir la rubrique sur ce site).</td>
</tr>
<tr>
<td valign="top" width="92">1994 &#8211; 1996</td>
<td valign="top" width="558">Mise en conformité de la grange ( isolation, détection de fumée, electricté),<br />
Construction d’une cuisine (rehaussée d’un dortoir) par les membres de l’association,<br />
Acheminement des matériaux par toboggan et jeep datant de 1944 puis par sac à dos.</td>
</tr>
<tr>
<td valign="top" width="92">1998</td>
<td valign="top" width="558">Mise en place d’un serveur vocal pendant la durée des camps pour permettre aux parents d’avoir les informations du camp 24h sur 24.</td>
</tr>
<tr>
<td valign="top" width="92">2002</td>
<td valign="top" width="558">L’association de Bayen fête ses 30 ans.<br />
Création du site internet de l’association.</td>
</tr>
<tr>
<td valign="top" width="92">2003</td>
<td valign="top" width="558">Réalisation de la route d’accès à la grange.<br />
Mort de Robert BEDO le 14 août.</td>
</tr>
<tr>
<td valign="top" width="92">2004</td>
<td valign="top" width="558">Présentation du projet éducatif « En route vers 2010 »</td>
</tr>
<tr>
<td valign="top" width="92">2005</td>
<td valign="top" width="558">Lancement des randonnées pour adultes.</td>
</tr>
<tr>
<td valign="top" width="92">2008-2009</td>
<td valign="top" width="558">Appel aux dons pour donner un nouveau toit à la grange.<br />
Réfection complète du toit.</td>
</tr>
<tr>
<td valign="top" width="92">2010</td>
<td valign="top" width="558">Mort de Georges FRANÇOIS le 15 mai,<br />
Réfection du sanitaire par les membres de l’association.</td>
</tr>
<tr>
<td valign="top" width="92">2012</td>
<td valign="top" width="558">L’association de Bayen fête ses 40 ans et présente son nouveau logo.</td>
</tr>
</tbody>
</table>

<p>1970 Les prémices de l’association : Robert BEDO, prêtre à St Médard d’Eyrans, aumônier des jeunes du MRJC du secteur, amène un petit groupe d’adolescents à Bayen. 1972 Avec une poignée d’amis,  Georges FRANÇOIS et Robert  BEDO fondent l’association de Bayen ( JO du 8 mars 1972 ) Ouverture des camps pour les ados (14-18) en [&hellip;]</p>
