{"id":2480,"date":"2018-08-03T13:48:28","date_gmt":"2018-08-03T11:48:28","guid":{"rendered":"https:\/\/www.assobayen.net\/Wordpress\/?page_id=2480"},"modified":"2024-02-19T15:17:27","modified_gmt":"2024-02-19T14:17:27","slug":"les-nouvelles-du-camp-ados-2018","status":"publish","type":"page","link":"https:\/\/www.assobayen.net\/Wordpress\/les-nouvelles-du-camp-ados-2018\/","title":{"rendered":"Les nouvelles du Camp Ados 2018"},"content":{"rendered":"<p><strong>Mercredi 15 ao\u00fbt :<\/strong><\/p>\n<p>Hier nous avons d\u00e9marr\u00e9 la journ\u00e9e par un le parcours de via ferrata de G\u00e8dre, encadr\u00e9s par le bureau des guides de Luz. L&rsquo;apr\u00e8s-midi nous nommes descendus \u00e0 Luz pour les derni\u00e8res courses. Cette journ\u00e9e s&rsquo;est conclue par une veill\u00e9e dans Sazos du type chasse au tr\u00e9sor, mais gare aux zombis qui trainaient dans les rues !<\/p>\n<p>Aujourd&rsquo;hui, apr\u00e8s une matin\u00e9e repos bien m\u00e9rit\u00e9e, nous organisons un grand jeu. La derni\u00e8re veill\u00e9e du s\u00e9jour nous portera \u00e0 Luz Saint-Sauveur, pour le traditionnel feu d&rsquo;artifice et bal du 15 ao\u00fbt.<\/p>\n<p>Demain, c&rsquo;est grand m\u00e9nage. Pour r\u00e9cup\u00e9rer vos enfants, voici le timing :<\/p>\n<ul>\n<li>Rendez-vous \u00e0 la grange \u00e0 13h30<\/li>\n<li>Rendez-vous \u00e0 Lourdes \u00e0 15h<\/li>\n<li>Rendez-vous \u00e0 Bordeaux \u00e0 18h58 (train 8585)<\/li>\n<\/ul>\n<p><strong>Lundi 13 ao\u00fbt :<\/strong><\/p>\n<p>M\u00e9t\u00e9o moyenne.<\/p>\n<p>Nuageux mais pas pluvieux.<\/p>\n<p>Lever 7h30 &#8211; vive les vacances !<\/p>\n<p>Descente en trotin&rsquo;herbe.<\/p>\n<p>D\u00e9jeuner \u00e0 la grange.<\/p>\n<p>Apr\u00e9s-midi repos.<\/p>\n<p>Veill\u00e9e jeux de soci\u00e9t\u00e9.<\/p>\n<p>Marshamallows grill\u00e9s dans la chemin\u00e9.<\/p>\n<p>Que demander de mieux ?<\/p>\n<p><strong>Dimanche 12 ao\u00fbt :<\/strong><\/p>\n<p>4 jours sans nouvelle, mais pour la bonne cause. Nous avons profit\u00e9 d&rsquo;une m\u00e9t\u00e9o favorable vendredi, samedi et dimanche pour faire le bivouac pr\u00e9c\u00e9demment annul\u00e9.<\/p>\n<p>Jeudi nous avons profit\u00e9 d&rsquo;une journ\u00e9e repos pour, comme dit explicitement l&rsquo;intitul\u00e9, nous reposer ! Apr\u00e8s-midi \u00e0 Luz pour les uns, \u00e0 jouer au foot pour les autres.<\/p>\n<p>Vendredi matin nous avons pr\u00e9par\u00e9 nos sacs pour le bivouac, et comme d&rsquo;habitude, ils \u00e9taient suffisamment lourds pour que nos pieds touchent par terre. L&rsquo;apr\u00e8s-midi nous avons d\u00e9marr\u00e9 du Pont d&rsquo;Espagne et march\u00e9 tranquillement jusqu&rsquo;au refuge Wallon o\u00f9 nous avons mis le bivouac en place.<\/p>\n<p>Samedi nous sommes all\u00e9s aux lacs de Cambal\u00e8s qui nous offraient une vu originale sur la face ouest du massif du Vignemale. De retour au refuge, nous nous sommes remis de nos \u00e9motions autour de chocolats chauds, th\u00e9s, soupes en fonction des envies de chacun avant de remettre en place le bivouac.<\/p>\n<p>Dimanche, retour \u00e0 la grange pour midi avec un bon plat de carbonara pour nous remettre de nos \u00e9motions. Apr\u00e8s-midi rangement des sacs, s\u00e9chage des tentes, douche et repos.<\/p>\n<p><strong>Mercredi 8 ao\u00fbt :<br \/>\n<\/strong><\/p>\n<p>C&rsquo;est en \u00e9tudiant scrupuleusement la m\u00e9t\u00e9o que nous avons trouv\u00e9 LA randonn\u00e9e \u00e0 faire pour r\u00e9pondre \u00e0 toutes les contraintes : maintenir une activit\u00e9 sportive, prendre du plaisir, avoir un beau point de vue, s&rsquo;\u00e9loigner de la fronti\u00e8re dont les montagnes \u00e9taient bien charg\u00e9es, etc. Au d\u00e9part de la grange, nous sommes mont\u00e9s au plateau d&rsquo;Artigues, juste en dessous de la station de Luz Ardiden. Arriv\u00e9s, nous avons d\u00fb attendre une dizaine de minutes pour voir la vall\u00e9e et les sommets environnants se d\u00e9couvrir petit \u00e0 petit, pour mieux attiser notre curiosit\u00e9, jusqu&rsquo;\u00e0 offrir un panorama sur toute la vall\u00e9e de Luz-Saint-Sauveur. La journ\u00e9e s&rsquo;est cl\u00f4tur\u00e9e par une veill\u00e9e \u00ab\u00a0loup garou\u00a0\u00bb, \u00e0 la demande g\u00e9n\u00e9rale des jeunes.<\/p>\n<p><strong>Mardi 7 ao\u00fbt :<\/strong><\/p>\n<p>Nous avons profit\u00e9 de la journ\u00e9e repos d&rsquo;hier et de la belle m\u00e9t\u00e9o pour proposer une nuit \u00e0 la belle \u00e9toile la nuit de dimanche \u00e0 lundi. La journ\u00e9e \u00ab\u00a0repos\u00a0\u00bb \u00e9tait malgr\u00e9 tout bien occup\u00e9e : il fallait 1\/ dormir, 2\/ pr\u00e9parer le bivouac pr\u00e9vu, 3\/ profiter de l&rsquo;apr\u00e8s-midi \u00e0 Luz avec un programme de piscine\/shopping.<\/p>\n<p>Aujourd&rsquo;hui nous devions faire un bivouac \u00e0 c\u00f4t\u00e9 du refuge Wallon pour partir \u00e0 l&rsquo;assaut du col de Cambal\u00e8s. mais la m\u00e9t\u00e9o en aura d\u00e9cid\u00e9 autrement (orages, vent et pluie). Nous sommes donc parti sur la journ\u00e9e pour remonter les cascades entre la Railli\u00e8re et le Pont d&rsquo;Espagne. Nous allons devoir nous adapter les prochains jours aux caprices de Dame M\u00e9t\u00e9o qui va (voyons le bon c\u00f4t\u00e9 des choses) nous apporter un petit peu de fraicheur.<\/p>\n<p><strong>Dimanche 5 ao\u00fbt :<\/strong><\/p>\n<p>Un nouvel exploit, lever \u00e0 5h de nouveau pour profiter autant que possible de la fra\u00eecheur matinale. Et une fois de plus tout le monde a \u00e9t\u00e9 d&rsquo;une efficacit\u00e9 remarquable ! Nous avons randonn\u00e9 \u00e0 la d\u00e9couverte de la Cabane Lourdes. Le soleil et la chaleur \u00e9taient de la partie. Un petit rafra\u00eechissement dans le cours d&rsquo;eau en guise de digestion. Les vitres du bus de retour se souviennent encore des joues de ses passagers qui n&rsquo;ont pas fait un pli, berc\u00e9s par le ronronnement du moteur.<\/p>\n<p><strong>Samedi 4 ao\u00fbt :<\/strong><\/p>\n<p>Ce matin repos et brunch, histoire de ne pas avoir le ventre lourd pendant le rafting l&rsquo;apr\u00e8s-midi. Avec cette m\u00e9t\u00e9o incroyablement ensoleill\u00e9e, l&rsquo;eau du gave de Pau \u00e9tait bien appr\u00e9ciable. Tout le monde va bien. On profite !<\/p>\n<p><strong>Vendredi 3 ao\u00fbt :<\/strong><\/p>\n<p>Hier nous nous sommes install\u00e9s \u00e0 la grange apr\u00e8s un voyage sans encombre. Le noyau dur du camp ado de l&rsquo;ann\u00e9e derni\u00e8re a int\u00e9gr\u00e9 les nouveaux arrivants. Les fortes chaleurs actuelles nous ont pouss\u00e9s \u00e0 repenser un petit peu le programme. Nous avons donc avanc\u00e9 les horaires pour marcher, aujourd&rsquo;hui, \u00ab\u00a0\u00e0 la fra\u00eeche\u00a0\u00bb.<\/p>\n<p>Et le miracle arriva, nous avons r\u00e9ussit la prouesse de faire se lever 19 adolescents \u00e0 5h pendant leurs vacances. Cette premi\u00e8re randonn\u00e9e \u00ab\u00a0de chauffe\u00a0\u00bb \u00e0 Gavarnie nous a offert le d\u00e9cors du cirque sous ses plus beaux atouts.. Sa fameuse Br\u00e8che de Roland s&rsquo;est d\u00e9voil\u00e9e \u00e0 notre point culminant : la Cabane d&rsquo;Alans.<\/p>\n<p>En marchant le matin, nous n&rsquo;avons pas trop souffert de la chaleur. Nous sommes rentr\u00e9s \u00e0 la grange pour d\u00e9jeuner. L&rsquo;apr\u00e8s-midi s&rsquo;est pass\u00e9e tranquillement autour d&rsquo;un foot, de siestes, chacun \u00e0 son rythme.<\/p>\n<p>Nous suivons de pr\u00e8s les conditions m\u00e9t\u00e9o pour nous en accommoder au mieux, et surtout profiter au maximum, tous, de notre s\u00e9jour.<\/p>\n<p>&nbsp;<\/p>\n","protected":false},"excerpt":{"rendered":"<p>Mercredi 15 ao\u00fbt : Hier nous avons d\u00e9marr\u00e9 la journ\u00e9e par un le parcours de via ferrata de G\u00e8dre, encadr\u00e9s par le bureau des guides de Luz. L&rsquo;apr\u00e8s-midi nous nommes descendus \u00e0 Luz pour les derni\u00e8res courses. Cette journ\u00e9e s&rsquo;est conclue par une veill\u00e9e dans Sazos du type chasse au tr\u00e9sor, mais gare aux zombis [&hellip;]<\/p>\n","protected":false},"author":22,"featured_media":0,"parent":0,"menu_order":0,"comment_status":"closed","ping_status":"closed","template":"","meta":{"footnotes":""},"class_list":["post-2480","page","type-page","status-publish","hentry"],"_links":{"self":[{"href":"https:\/\/www.assobayen.net\/Wordpress\/wp-json\/wp\/v2\/pages\/2480","targetHints":{"allow":["GET"]}}],"collection":[{"href":"https:\/\/www.assobayen.net\/Wordpress\/wp-json\/wp\/v2\/pages"}],"about":[{"href":"https:\/\/www.assobayen.net\/Wordpress\/wp-json\/wp\/v2\/types\/page"}],"author":[{"embeddable":true,"href":"https:\/\/www.assobayen.net\/Wordpress\/wp-json\/wp\/v2\/users\/22"}],"replies":[{"embeddable":true,"href":"https:\/\/www.assobayen.net\/Wordpress\/wp-json\/wp\/v2\/comments?post=2480"}],"version-history":[{"count":12,"href":"https:\/\/www.assobayen.net\/Wordpress\/wp-json\/wp\/v2\/pages\/2480\/revisions"}],"predecessor-version":[{"id":2498,"href":"https:\/\/www.assobayen.net\/Wordpress\/wp-json\/wp\/v2\/pages\/2480\/revisions\/2498"}],"wp:attachment":[{"href":"https:\/\/www.assobayen.net\/Wordpress\/wp-json\/wp\/v2\/media?parent=2480"}],"curies":[{"name":"wp","href":"https:\/\/api.w.org\/{rel}","templated":true}]}}

<p><strong>Mercredi 15 août :</strong></p>
<p>Hier nous avons démarré la journée par un le parcours de via ferrata de Gèdre, encadrés par le bureau des guides de Luz. L&rsquo;après-midi nous nommes descendus à Luz pour les dernières courses. Cette journée s&rsquo;est conclue par une veillée dans Sazos du type chasse au trésor, mais gare aux zombis qui trainaient dans les rues !</p>
<p>Aujourd&rsquo;hui, après une matinée repos bien méritée, nous organisons un grand jeu. La dernière veillée du séjour nous portera à Luz Saint-Sauveur, pour le traditionnel feu d&rsquo;artifice et bal du 15 août.</p>
<p>Demain, c&rsquo;est grand ménage. Pour récupérer vos enfants, voici le timing :</p>
<ul>
<li>Rendez-vous à la grange à 13h30</li>
<li>Rendez-vous à Lourdes à 15h</li>
<li>Rendez-vous à Bordeaux à 18h58 (train 8585)</li>
</ul>
<p><strong>Lundi 13 août :</strong></p>
<p>Météo moyenne.</p>
<p>Nuageux mais pas pluvieux.</p>
<p>Lever 7h30 &#8211; vive les vacances !</p>
<p>Descente en trotin&rsquo;herbe.</p>
<p>Déjeuner à la grange.</p>
<p>Aprés-midi repos.</p>
<p>Veillée jeux de société.</p>
<p>Marshamallows grillés dans la cheminé.</p>
<p>Que demander de mieux ?</p>
<p><strong>Dimanche 12 août :</strong></p>
<p>4 jours sans nouvelle, mais pour la bonne cause. Nous avons profité d&rsquo;une météo favorable vendredi, samedi et dimanche pour faire le bivouac précédemment annulé.</p>
<p>Jeudi nous avons profité d&rsquo;une journée repos pour, comme dit explicitement l&rsquo;intitulé, nous reposer ! Après-midi à Luz pour les uns, à jouer au foot pour les autres.</p>
<p>Vendredi matin nous avons préparé nos sacs pour le bivouac, et comme d&rsquo;habitude, ils étaient suffisamment lourds pour que nos pieds touchent par terre. L&rsquo;après-midi nous avons démarré du Pont d&rsquo;Espagne et marché tranquillement jusqu&rsquo;au refuge Wallon où nous avons mis le bivouac en place.</p>
<p>Samedi nous sommes allés aux lacs de Cambalès qui nous offraient une vu originale sur la face ouest du massif du Vignemale. De retour au refuge, nous nous sommes remis de nos émotions autour de chocolats chauds, thés, soupes en fonction des envies de chacun avant de remettre en place le bivouac.</p>
<p>Dimanche, retour à la grange pour midi avec un bon plat de carbonara pour nous remettre de nos émotions. Après-midi rangement des sacs, séchage des tentes, douche et repos.</p>
<p><strong>Mercredi 8 août :<br />
</strong></p>
<p>C&rsquo;est en étudiant scrupuleusement la météo que nous avons trouvé LA randonnée à faire pour répondre à toutes les contraintes : maintenir une activité sportive, prendre du plaisir, avoir un beau point de vue, s&rsquo;éloigner de la frontière dont les montagnes étaient bien chargées, etc. Au départ de la grange, nous sommes montés au plateau d&rsquo;Artigues, juste en dessous de la station de Luz Ardiden. Arrivés, nous avons dû attendre une dizaine de minutes pour voir la vallée et les sommets environnants se découvrir petit à petit, pour mieux attiser notre curiosité, jusqu&rsquo;à offrir un panorama sur toute la vallée de Luz-Saint-Sauveur. La journée s&rsquo;est clôturée par une veillée « loup garou », à la demande générale des jeunes.</p>
<p><strong>Mardi 7 août :</strong></p>
<p>Nous avons profité de la journée repos d&rsquo;hier et de la belle météo pour proposer une nuit à la belle étoile la nuit de dimanche à lundi. La journée « repos » était malgré tout bien occupée : il fallait 1/ dormir, 2/ préparer le bivouac prévu, 3/ profiter de l&rsquo;après-midi à Luz avec un programme de piscine/shopping.</p>
<p>Aujourd&rsquo;hui nous devions faire un bivouac à côté du refuge Wallon pour partir à l&rsquo;assaut du col de Cambalès. mais la météo en aura décidé autrement (orages, vent et pluie). Nous sommes donc parti sur la journée pour remonter les cascades entre la Raillière et le Pont d&rsquo;Espagne. Nous allons devoir nous adapter les prochains jours aux caprices de Dame Météo qui va (voyons le bon côté des choses) nous apporter un petit peu de fraicheur.</p>
<p><strong>Dimanche 5 août :</strong></p>
<p>Un nouvel exploit, lever à 5h de nouveau pour profiter autant que possible de la fraîcheur matinale. Et une fois de plus tout le monde a été d&rsquo;une efficacité remarquable ! Nous avons randonné à la découverte de la Cabane Lourdes. Le soleil et la chaleur étaient de la partie. Un petit rafraîchissement dans le cours d&rsquo;eau en guise de digestion. Les vitres du bus de retour se souviennent encore des joues de ses passagers qui n&rsquo;ont pas fait un pli, bercés par le ronronnement du moteur.</p>
<p><strong>Samedi 4 août :</strong></p>
<p>Ce matin repos et brunch, histoire de ne pas avoir le ventre lourd pendant le rafting l&rsquo;après-midi. Avec cette météo incroyablement ensoleillée, l&rsquo;eau du gave de Pau était bien appréciable. Tout le monde va bien. On profite !</p>
<p><strong>Vendredi 3 août :</strong></p>
<p>Hier nous nous sommes installés à la grange après un voyage sans encombre. Le noyau dur du camp ado de l&rsquo;année dernière a intégré les nouveaux arrivants. Les fortes chaleurs actuelles nous ont poussés à repenser un petit peu le programme. Nous avons donc avancé les horaires pour marcher, aujourd&rsquo;hui, « à la fraîche ».</p>
<p>Et le miracle arriva, nous avons réussit la prouesse de faire se lever 19 adolescents à 5h pendant leurs vacances. Cette première randonnée « de chauffe » à Gavarnie nous a offert le décors du cirque sous ses plus beaux atouts.. Sa fameuse Brèche de Roland s&rsquo;est dévoilée à notre point culminant : la Cabane d&rsquo;Alans.</p>
<p>En marchant le matin, nous n&rsquo;avons pas trop souffert de la chaleur. Nous sommes rentrés à la grange pour déjeuner. L&rsquo;après-midi s&rsquo;est passée tranquillement autour d&rsquo;un foot, de siestes, chacun à son rythme.</p>
<p>Nous suivons de près les conditions météo pour nous en accommoder au mieux, et surtout profiter au maximum, tous, de notre séjour.</p>
<p>&nbsp;</p>

<p>Mercredi 15 août : Hier nous avons démarré la journée par un le parcours de via ferrata de Gèdre, encadrés par le bureau des guides de Luz. L&rsquo;après-midi nous nommes descendus à Luz pour les dernières courses. Cette journée s&rsquo;est conclue par une veillée dans Sazos du type chasse au trésor, mais gare aux zombis [&hellip;]</p>
