{"id":4777,"date":"2024-02-16T22:20:54","date_gmt":"2024-02-16T21:20:54","guid":{"rendered":"https:\/\/www.assobayen.net\/Wordpress\/?page_id=4777"},"modified":"2024-02-19T15:17:28","modified_gmt":"2024-02-19T14:17:28","slug":"lhistoire-de-lassociation","status":"publish","type":"page","link":"https:\/\/www.assobayen.net\/Wordpress\/lassociation\/a-propos\/lhistoire-de-lassociation\/","title":{"rendered":"L&rsquo;histoire de l&rsquo;association"},"content":{"rendered":"\n<p><strong>Depuis 1972, notre pari est d&rsquo;accueillir des jeunes de tous horizons pour partager ensemble un temps de d\u00e9couverte dans le magnifique cadre des Hautes Pyr\u00e9n\u00e9es pendant les vacances scolaires.<\/strong><\/p>\n\n\n\n<p><strong><u>Bayen :<\/u><\/strong><\/p>\n\n\n\n<p><strong><em>Une grange au-dessus de Luz St Sauveur.<br \/>Un lieu d&rsquo;accueil, une porte ouverte&#8230;<br \/>Un point de d\u00e9part pour la d\u00e9couverte des Pyr\u00e9n\u00e9es et de la montagne.<br \/>Un lieu de rencontre avec les autres, avec soi- m\u00eame&#8230;<br \/>Un lieu de partage<\/em><\/strong><strong><\/strong><\/p>\n\n\n\n<p><strong><u>Notre projet \u00e9ducatif :<\/u><\/strong><\/p>\n\n\n\n<p><strong>&#8211; Rencontrer d&rsquo;autres jeunes, d&rsquo;univers diff\u00e9rents, les accepter et mener \u00e0 bien un projet commun.<br \/>&#8211; Vivre une exp\u00e9rience de groupe pour amener \u00e0 la prise de responsabilit\u00e9s, \u00e0 la conqu\u00eate de l&rsquo;autonomie, en partageant non seulement les temps forts mais aussi les petites contraintes de la vie de tous les jours (Vaisselle, cuisine&#8230;)<br \/>&#8211; D\u00e9couvrir le monde montagnard et ses sp\u00e9cificit\u00e9s (flore, faune, m\u00e9t\u00e9orologie &#8230;) pour, plus tard, randonner en toute s\u00e9curit\u00e9.<\/strong><\/p>\n\n\n\n<p><strong>Rien n&rsquo;est facile, la pente est souvent rude, le souffle court&#8230; mais, quand le sommet est atteint, la joie et l&rsquo;amiti\u00e9 sont au rendez- vous.<\/strong><\/p>\n\n\n\n<p><strong><u>Notre encadrement :<\/u><\/strong><strong><\/strong><\/p>\n\n\n\n<p><strong><em>Il est compos\u00e9 de jeunes dipl\u00f4m\u00e9s du BAFA ou en cours de formation, anciens de Bayen, qui connaissent et aiment la montagne. Nous sommes tous b\u00e9n\u00e9voles. C&rsquo;est un choix qui permet d&rsquo;ouvrir nos camps au plus grand nombre. Vous rencontrerez aussi des professionnels qui, au fil des ann\u00e9es, sont devenus des amis : guides de haute montagne, gardes- moniteurs du PN, moniteurs de rafting ou de VTT &#8230; En plus de leurs comp\u00e9tences, ils nous font partager leur passion !<\/em><\/strong><\/p>\n\n\n\n<p><strong><u>Nos activit\u00e9s :<\/u><\/strong><strong><\/strong><\/p>\n\n\n\n<p><strong><em>Nous vous proposons, cette ann\u00e9e, trois camps pour des \u00e2ges diff\u00e9rents. Les activit\u00e9s propos\u00e9es durant ceux-ci sont \u00e0 dominante sportive. Elles tiennent compte de l&rsquo;\u00e2ge des participants et sont progressives, tout au long du s\u00e9jour.<\/em><\/strong><\/p>\n\n\n\n<p><strong>En raison de notre nouvel acc\u00e8s routier, nous pourrons loger soit dans les dortoirs de la grange soit sous la tente.<\/strong><\/p>\n\n\n\n<ul class=\"wp-block-list\">\n<li><strong>Tous nos camps seront agr\u00e9\u00e9s Jeunesse et Sports.<\/strong><\/li>\n\n\n\n<li><strong>Subventions CAF, Ch\u00e8ques Vacances, Aides des CE accept\u00e9es.<\/strong><\/li>\n\n\n\n<li><strong>Paiement fractionn\u00e9 possible avant le d\u00e9part du camp<\/strong><\/li>\n\n\n\n<li><strong>R\u00e9duction pour plusieurs enfants d&rsquo;une m\u00eame famille.<\/strong><\/li>\n<\/ul>\n\n\n\n<p><strong>\u00ab\u00a0Un probl\u00e8me financier ne doit pas emp\u00eacher un enfant de venir \u00e0 Bayen\u00a0\u00bb<\/strong><\/p>\n","protected":false},"excerpt":{"rendered":"<p>Depuis 1972, notre pari est d&rsquo;accueillir des jeunes de tous horizons pour partager ensemble un temps de d\u00e9couverte dans le magnifique cadre des Hautes Pyr\u00e9n\u00e9es pendant les vacances scolaires. Bayen : Une grange au-dessus de Luz St Sauveur.Un lieu d&rsquo;accueil, une porte ouverte&#8230;Un point de d\u00e9part pour la d\u00e9couverte des Pyr\u00e9n\u00e9es et de la montagne.Un [&hellip;]<\/p>\n","protected":false},"author":22,"featured_media":0,"parent":2,"menu_order":1,"comment_status":"closed","ping_status":"closed","template":"","meta":{"footnotes":""},"class_list":["post-4777","page","type-page","status-publish","hentry"],"_links":{"self":[{"href":"https:\/\/www.assobayen.net\/Wordpress\/wp-json\/wp\/v2\/pages\/4777","targetHints":{"allow":["GET"]}}],"collection":[{"href":"https:\/\/www.assobayen.net\/Wordpress\/wp-json\/wp\/v2\/pages"}],"about":[{"href":"https:\/\/www.assobayen.net\/Wordpress\/wp-json\/wp\/v2\/types\/page"}],"author":[{"embeddable":true,"href":"https:\/\/www.assobayen.net\/Wordpress\/wp-json\/wp\/v2\/users\/22"}],"replies":[{"embeddable":true,"href":"https:\/\/www.assobayen.net\/Wordpress\/wp-json\/wp\/v2\/comments?post=4777"}],"version-history":[{"count":1,"href":"https:\/\/www.assobayen.net\/Wordpress\/wp-json\/wp\/v2\/pages\/4777\/revisions"}],"predecessor-version":[{"id":4779,"href":"https:\/\/www.assobayen.net\/Wordpress\/wp-json\/wp\/v2\/pages\/4777\/revisions\/4779"}],"up":[{"embeddable":true,"href":"https:\/\/www.assobayen.net\/Wordpress\/wp-json\/wp\/v2\/pages\/2"}],"wp:attachment":[{"href":"https:\/\/www.assobayen.net\/Wordpress\/wp-json\/wp\/v2\/media?parent=4777"}],"curies":[{"name":"wp","href":"https:\/\/api.w.org\/{rel}","templated":true}]}}

<p><strong>Depuis 1972, notre pari est d&rsquo;accueillir des jeunes de tous horizons pour partager ensemble un temps de découverte dans le magnifique cadre des Hautes Pyrénées pendant les vacances scolaires.</strong></p>



<p><strong><u>Bayen :</u></strong></p>



<p><strong><em>Une grange au-dessus de Luz St Sauveur.<br />Un lieu d&rsquo;accueil, une porte ouverte&#8230;<br />Un point de départ pour la découverte des Pyrénées et de la montagne.<br />Un lieu de rencontre avec les autres, avec soi- même&#8230;<br />Un lieu de partage</em></strong><strong></strong></p>



<p><strong><u>Notre projet éducatif :</u></strong></p>



<p><strong>&#8211; Rencontrer d&rsquo;autres jeunes, d&rsquo;univers différents, les accepter et mener à bien un projet commun.<br />&#8211; Vivre une expérience de groupe pour amener à la prise de responsabilités, à la conquête de l&rsquo;autonomie, en partageant non seulement les temps forts mais aussi les petites contraintes de la vie de tous les jours (Vaisselle, cuisine&#8230;)<br />&#8211; Découvrir le monde montagnard et ses spécificités (flore, faune, météorologie &#8230;) pour, plus tard, randonner en toute sécurité.</strong></p>



<p><strong>Rien n&rsquo;est facile, la pente est souvent rude, le souffle court&#8230; mais, quand le sommet est atteint, la joie et l&rsquo;amitié sont au rendez- vous.</strong></p>



<p><strong><u>Notre encadrement :</u></strong><strong></strong></p>



<p><strong><em>Il est composé de jeunes diplômés du BAFA ou en cours de formation, anciens de Bayen, qui connaissent et aiment la montagne. Nous sommes tous bénévoles. C&rsquo;est un choix qui permet d&rsquo;ouvrir nos camps au plus grand nombre. Vous rencontrerez aussi des professionnels qui, au fil des années, sont devenus des amis : guides de haute montagne, gardes- moniteurs du PN, moniteurs de rafting ou de VTT &#8230; En plus de leurs compétences, ils nous font partager leur passion !</em></strong></p>



<p><strong><u>Nos activités :</u></strong><strong></strong></p>



<p><strong><em>Nous vous proposons, cette année, trois camps pour des âges différents. Les activités proposées durant ceux-ci sont à dominante sportive. Elles tiennent compte de l&rsquo;âge des participants et sont progressives, tout au long du séjour.</em></strong></p>



<p><strong>En raison de notre nouvel accès routier, nous pourrons loger soit dans les dortoirs de la grange soit sous la tente.</strong></p>



<ul class="wp-block-list">
<li><strong>Tous nos camps seront agréés Jeunesse et Sports.</strong></li>



<li><strong>Subventions CAF, Chèques Vacances, Aides des CE acceptées.</strong></li>



<li><strong>Paiement fractionné possible avant le départ du camp</strong></li>



<li><strong>Réduction pour plusieurs enfants d&rsquo;une même famille.</strong></li>
</ul>



<p><strong>« Un problème financier ne doit pas empêcher un enfant de venir à Bayen »</strong></p>

<p>Depuis 1972, notre pari est d&rsquo;accueillir des jeunes de tous horizons pour partager ensemble un temps de découverte dans le magnifique cadre des Hautes Pyrénées pendant les vacances scolaires. Bayen : Une grange au-dessus de Luz St Sauveur.Un lieu d&rsquo;accueil, une porte ouverte&#8230;Un point de départ pour la découverte des Pyrénées et de la montagne.Un [&hellip;]</p>
