{"id":897,"date":"2012-07-22T17:29:58","date_gmt":"2012-07-22T15:29:58","guid":{"rendered":"https:\/\/www.assobayen.net\/Wordpress\/?page_id=897"},"modified":"2024-02-19T15:17:50","modified_gmt":"2024-02-19T14:17:50","slug":"dimanche-22-juillet","status":"publish","type":"page","link":"https:\/\/www.assobayen.net\/Wordpress\/camp\/les-nouvelles-du-camps-pre-ado\/dimanche-22-juillet\/","title":{"rendered":"Dimanche 22 juillet"},"content":{"rendered":"<p>Ce matin, croissants \u00e0 6 heures du mat. Car nous avons rendez- vous avec le Viscos.<\/p>\n<p>Prise de contact avec C\u00e9cile et Thomas, nos accompagnateurs, sur le parking du B\u00e9d\u00e9ret \u00e0 8 heures. Nous montons d&rsquo;abord au col de Riou, puis c&rsquo;est la longue travers\u00e9e sur la cr\u00eate facile. Les nuages jouent avec nous : tant\u00f4t nous sommes dans le gris, tant\u00f4t dans le soleil.<\/p>\n<p>Voici les premi\u00e8res difficult\u00e9s : les schistes d\u00e9chiquet\u00e9s remplacent l&rsquo;herbe et le vide se creuse sur le versant de Cauterets. L&rsquo;ambiance est studieuse, appliqu\u00e9e. Nous avons \u00e0 peine le temps d&rsquo;apprendre \u00e0 progresser dans ce terrain nouveau pour nous que nous sommes au col, au pied du Viscos. Le c\u00f4ne terminal est gravi et toute l&rsquo;\u00e9quipe se retrouve autour de la croix \u00e0 2141m au sommet. M\u00eame si les nuages font la mauvaise t\u00eate, la vue est magnifique : Tarbes et la plaine au Nord, le N\u00e9ouvielle, le Pic Long, la Munia, le Vignemale, le Bala\u00eftous, tous sont l\u00e0 comme pour nous dire \u00ab\u00a0au revoir, \u00e0 la prochaine\u00a0\u00bb.<\/p>\n<p>Descente appliqu\u00e9e jusqu&rsquo;au col o\u00f9 nous pique-niquons et retour au B\u00e9d\u00e9ret sous l&rsquo;oeil des vautours au dessus de nous.<\/p>\n<p>Ce soir, apr\u00e8s le repas, la veill\u00e9e sera plus longue, mais point trop n&rsquo;en faut. Car demain, il faudra tout ranger, ses affaires personnelles d&rsquo;abord ( et pour certains, ce sera dur&#8230; \u00a0) et la grange ensuite pour accueillir le deuxi\u00e8me camp.<\/p>\n<p>Puis ce sera le bus et le retour sur Bordeaux.<\/p>\n<p>Rendez- vous \u00e0 tous le samedi 25 Ao\u00fbt \u00e0 Saint M\u00e9dard d&rsquo;Eyrans pour le quaranti\u00e8me anniversaire.<\/p>\n<p>A Bient\u00f4t<\/p>\n<p>Jo\u00ebl<\/p>\n<p>&nbsp;<\/p>\n<p>Demain retour pr\u00e9vu \u00e0 la gare St Jean \u00e0 17 h 19<\/p>\n","protected":false},"excerpt":{"rendered":"<p>Ce matin, croissants \u00e0 6 heures du mat. Car nous avons rendez- vous avec le Viscos. Prise de contact avec C\u00e9cile et Thomas, nos accompagnateurs, sur le parking du B\u00e9d\u00e9ret \u00e0 8 heures. Nous montons d&rsquo;abord au col de Riou, puis c&rsquo;est la longue travers\u00e9e sur la cr\u00eate facile. Les nuages jouent avec nous : [&hellip;]<\/p>\n","protected":false},"author":14,"featured_media":0,"parent":754,"menu_order":1,"comment_status":"closed","ping_status":"open","template":"","meta":{"footnotes":""},"class_list":["post-897","page","type-page","status-publish","hentry"],"_links":{"self":[{"href":"https:\/\/www.assobayen.net\/Wordpress\/wp-json\/wp\/v2\/pages\/897","targetHints":{"allow":["GET"]}}],"collection":[{"href":"https:\/\/www.assobayen.net\/Wordpress\/wp-json\/wp\/v2\/pages"}],"about":[{"href":"https:\/\/www.assobayen.net\/Wordpress\/wp-json\/wp\/v2\/types\/page"}],"author":[{"embeddable":true,"href":"https:\/\/www.assobayen.net\/Wordpress\/wp-json\/wp\/v2\/users\/14"}],"replies":[{"embeddable":true,"href":"https:\/\/www.assobayen.net\/Wordpress\/wp-json\/wp\/v2\/comments?post=897"}],"version-history":[{"count":5,"href":"https:\/\/www.assobayen.net\/Wordpress\/wp-json\/wp\/v2\/pages\/897\/revisions"}],"predecessor-version":[{"id":899,"href":"https:\/\/www.assobayen.net\/Wordpress\/wp-json\/wp\/v2\/pages\/897\/revisions\/899"}],"up":[{"embeddable":true,"href":"https:\/\/www.assobayen.net\/Wordpress\/wp-json\/wp\/v2\/pages\/754"}],"wp:attachment":[{"href":"https:\/\/www.assobayen.net\/Wordpress\/wp-json\/wp\/v2\/media?parent=897"}],"curies":[{"name":"wp","href":"https:\/\/api.w.org\/{rel}","templated":true}]}}

<p>Ce matin, croissants à 6 heures du mat. Car nous avons rendez- vous avec le Viscos.</p>
<p>Prise de contact avec Cécile et Thomas, nos accompagnateurs, sur le parking du Bédéret à 8 heures. Nous montons d&rsquo;abord au col de Riou, puis c&rsquo;est la longue traversée sur la crête facile. Les nuages jouent avec nous : tantôt nous sommes dans le gris, tantôt dans le soleil.</p>
<p>Voici les premières difficultés : les schistes déchiquetés remplacent l&rsquo;herbe et le vide se creuse sur le versant de Cauterets. L&rsquo;ambiance est studieuse, appliquée. Nous avons à peine le temps d&rsquo;apprendre à progresser dans ce terrain nouveau pour nous que nous sommes au col, au pied du Viscos. Le cône terminal est gravi et toute l&rsquo;équipe se retrouve autour de la croix à 2141m au sommet. Même si les nuages font la mauvaise tête, la vue est magnifique : Tarbes et la plaine au Nord, le Néouvielle, le Pic Long, la Munia, le Vignemale, le Balaïtous, tous sont là comme pour nous dire « au revoir, à la prochaine ».</p>
<p>Descente appliquée jusqu&rsquo;au col où nous pique-niquons et retour au Bédéret sous l&rsquo;oeil des vautours au dessus de nous.</p>
<p>Ce soir, après le repas, la veillée sera plus longue, mais point trop n&rsquo;en faut. Car demain, il faudra tout ranger, ses affaires personnelles d&rsquo;abord ( et pour certains, ce sera dur&#8230;  ) et la grange ensuite pour accueillir le deuxième camp.</p>
<p>Puis ce sera le bus et le retour sur Bordeaux.</p>
<p>Rendez- vous à tous le samedi 25 Août à Saint Médard d&rsquo;Eyrans pour le quarantième anniversaire.</p>
<p>A Bientôt</p>
<p>Joël</p>
<p>&nbsp;</p>
<p>Demain retour prévu à la gare St Jean à 17 h 19</p>

<p>Ce matin, croissants à 6 heures du mat. Car nous avons rendez- vous avec le Viscos. Prise de contact avec Cécile et Thomas, nos accompagnateurs, sur le parking du Bédéret à 8 heures. Nous montons d&rsquo;abord au col de Riou, puis c&rsquo;est la longue traversée sur la crête facile. Les nuages jouent avec nous : [&hellip;]</p>
